{"version":"1.0","provider_name":"Acerca de Meta","provider_url":"https:\/\/about.fb.com\/ltam","author_name":"Meta","author_url":"https:\/\/about.fb.com\/ltam","title":"Antonio Lucio, director de marketing | Acerca de Meta","type":"rich","width":600,"height":338,"html":"<blockquote class=\"wp-embedded-content\" data-secret=\"Fgb1kGmd9F\"><a href=\"https:\/\/about.fb.com\/ltam\/media-gallery\/executives\/antonio-lucio\/\">Antonio Lucio, director de marketing<\/a><\/blockquote><iframe sandbox=\"allow-scripts\" security=\"restricted\" src=\"https:\/\/about.fb.com\/ltam\/media-gallery\/executives\/antonio-lucio\/embed\/#?secret=Fgb1kGmd9F\" width=\"600\" height=\"338\" title=\"&#171;Antonio Lucio, director de marketing&#187; &#8212; Acerca de Meta\" data-secret=\"Fgb1kGmd9F\" frameborder=\"0\" marginwidth=\"0\" marginheight=\"0\" scrolling=\"no\" class=\"wp-embedded-content\"><\/iframe><script type=\"text\/javascript\">\n\/* <![CDATA[ *\/\n\/*! This file is auto-generated *\/\n!function(d,l){\"use strict\";l.querySelector&&d.addEventListener&&\"undefined\"!=typeof URL&&(d.wp=d.wp||{},d.wp.receiveEmbedMessage||(d.wp.receiveEmbedMessage=function(e){var t=e.data;if((t||t.secret||t.message||t.value)&&!\/[^a-zA-Z0-9]\/.test(t.secret)){for(var s,r,n,a=l.querySelectorAll('iframe[data-secret=\"'+t.secret+'\"]'),o=l.querySelectorAll('blockquote[data-secret=\"'+t.secret+'\"]'),c=new RegExp(\"^https?:$\",\"i\"),i=0;i<o.length;i++)o[i].style.display=\"none\";for(i=0;i<a.length;i++)s=a[i],e.source===s.contentWindow&&(s.removeAttribute(\"style\"),\"height\"===t.message?(1e3<(r=parseInt(t.value,10))?r=1e3:~~r<200&&(r=200),s.height=r):\"link\"===t.message&&(r=new URL(s.getAttribute(\"src\")),n=new URL(t.value),c.test(n.protocol))&&n.host===r.host&&l.activeElement===s&&(d.top.location.href=t.value))}},d.addEventListener(\"message\",d.wp.receiveEmbedMessage,!1),l.addEventListener(\"DOMContentLoaded\",function(){for(var e,t,s=l.querySelectorAll(\"iframe.wp-embedded-content\"),r=0;r<s.length;r++)(t=(e=s[r]).getAttribute(\"data-secret\"))||(t=Math.random().toString(36).substring(2,12),e.src+=\"#?secret=\"+t,e.setAttribute(\"data-secret\",t)),e.contentWindow.postMessage({message:\"ready\",secret:t},\"*\")},!1)))}(window,document);\n\/\/# sourceURL=https:\/\/about.fb.com\/ltam\/wp-includes\/js\/wp-embed.min.js\n\/* ]]> *\/\n<\/script>\n","thumbnail_url":"https:\/\/about.fb.com\/ltam\/wp-content\/uploads\/sites\/14\/2019\/11\/antonio-lucio.jpg?resize=1024,683","thumbnail_width":1024,"thumbnail_height":683,"description":"Director de marketing Antonio es el director de marketing en Facebook. En su puesto, es responsable de la organizaci\u00f3n de marketing del consumidor global, que se enfoca en contar la historia de las marcas, los productos y los servicios de Facebook con mayor transparencia. Antonio tiene m\u00e1s de 30\u00a0a\u00f1os de experiencia en consolidar marcas que resisten el paso del tiempo. Es un defensor de la diversidad y la inclusi\u00f3n para los grupos con poca representaci\u00f3n en el sector de publicidad y recientemente lo nombraron el tercer director de marketing global con mayor influencia. Obtuvo una licenciatura en Historia de la Universidad Estatal de Luisiana. Naci\u00f3 en Espa\u00f1a, se cri\u00f3 en Puerto Rico y actualmente vive en San Francisco."}

Director de marketing Antonio es el director de marketing en Facebook. En su puesto, es responsable de la organización de marketing del consumidor global, que se enfoca en contar la historia de las marcas, los productos y los servicios de Facebook con mayor transparencia. Antonio tiene más de 30 años de experiencia en consolidar marcas que resisten el paso del tiempo. Es un defensor de la diversidad y la inclusión para los grupos con poca representación en el sector de publicidad y recientemente lo nombraron el tercer director de marketing global con mayor influencia. Obtuvo una licenciatura en Historia de la Universidad Estatal de Luisiana. Nació en España, se crió en Puerto Rico y actualmente vive en San Francisco.
