{"version":"1.0","provider_name":"\u00c0 propos de Meta","provider_url":"https:\/\/about.fb.com\/fr","author_name":"Meta","author_url":"https:\/\/about.fb.com\/fr","title":"D\u00e9ploiement de Facebook Protect dans de nouveaux pays | \u00c0 propos de Meta","type":"rich","width":600,"height":338,"html":"<blockquote class=\"wp-embedded-content\" data-secret=\"wFMkHWXOsm\"><a href=\"https:\/\/about.fb.com\/fr\/news\/2021\/12\/deploiement-de-facebook-protect-dans-de-nouveaux-pays\/\">D\u00e9ploiement de Facebook Protect dans de nouveaux pays<\/a><\/blockquote><iframe sandbox=\"allow-scripts\" security=\"restricted\" src=\"https:\/\/about.fb.com\/fr\/news\/2021\/12\/deploiement-de-facebook-protect-dans-de-nouveaux-pays\/embed\/#?secret=wFMkHWXOsm\" width=\"600\" height=\"338\" title=\"\u00ab\u00a0D\u00e9ploiement de Facebook Protect dans de nouveaux pays\u00a0\u00bb &#8212; \u00c0 propos de Meta\" data-secret=\"wFMkHWXOsm\" frameborder=\"0\" marginwidth=\"0\" marginheight=\"0\" scrolling=\"no\" class=\"wp-embedded-content\"><\/iframe><script type=\"text\/javascript\">\n\/* <![CDATA[ *\/\n\/*! This file is auto-generated *\/\n!function(d,l){\"use strict\";l.querySelector&&d.addEventListener&&\"undefined\"!=typeof URL&&(d.wp=d.wp||{},d.wp.receiveEmbedMessage||(d.wp.receiveEmbedMessage=function(e){var t=e.data;if((t||t.secret||t.message||t.value)&&!\/[^a-zA-Z0-9]\/.test(t.secret)){for(var s,r,n,a=l.querySelectorAll('iframe[data-secret=\"'+t.secret+'\"]'),o=l.querySelectorAll('blockquote[data-secret=\"'+t.secret+'\"]'),c=new RegExp(\"^https?:$\",\"i\"),i=0;i<o.length;i++)o[i].style.display=\"none\";for(i=0;i<a.length;i++)s=a[i],e.source===s.contentWindow&&(s.removeAttribute(\"style\"),\"height\"===t.message?(1e3<(r=parseInt(t.value,10))?r=1e3:~~r<200&&(r=200),s.height=r):\"link\"===t.message&&(r=new URL(s.getAttribute(\"src\")),n=new URL(t.value),c.test(n.protocol))&&n.host===r.host&&l.activeElement===s&&(d.top.location.href=t.value))}},d.addEventListener(\"message\",d.wp.receiveEmbedMessage,!1),l.addEventListener(\"DOMContentLoaded\",function(){for(var e,t,s=l.querySelectorAll(\"iframe.wp-embedded-content\"),r=0;r<s.length;r++)(t=(e=s[r]).getAttribute(\"data-secret\"))||(t=Math.random().toString(36).substring(2,12),e.src+=\"#?secret=\"+t,e.setAttribute(\"data-secret\",t)),e.contentWindow.postMessage({message:\"ready\",secret:t},\"*\")},!1)))}(window,document);\n\/\/# sourceURL=https:\/\/about.fb.com\/fr\/wp-includes\/js\/wp-embed.min.js\n\/* ]]> *\/\n<\/script>\n","thumbnail_url":"https:\/\/about.fb.com\/fr\/wp-content\/uploads\/sites\/12\/2021\/12\/NRP-Expanding-Facebook-Protect-to-the-World_Header.jpg?resize=1024,576","thumbnail_width":1024,"thumbnail_height":576,"description":"Nous d\u00e9ployons Facebook Protect, notre programme de s\u00e9curit\u00e9 pour les groupes de personnes les plus susceptibles d&rsquo;\u00eatre cibl\u00e9s par des acteurs malveillants, comme les d\u00e9fenseurs des droits de l\u2019Homme, les journalistes ou les responsables gouvernementaux. Aucune action n&rsquo;est requise, sauf si vous \u00eates invit\u00e9 \u00e0 vous inscrire. Nous facilitons \u00e9galement la mise en place de l&rsquo;authentification \u00e0 deux facteurs pour ces groupes de personnes. Dans le cadre de nos am\u00e9liorations continues en mati\u00e8re de s\u00e9curit\u00e9, nous \u00e9tendons le d\u00e9ploiement de Facebook Protect, un programme con\u00e7u pour les groupes de personnes les plus cibl\u00e9s par des pirates informatiques malveillants, comme les d\u00e9fenseurs des droits de l&rsquo;homme, les journalistes et les responsables gouvernementaux. Ces personnes sont au c\u0153ur de communaut\u00e9s cl\u00e9s pour le d\u00e9bat public. Elles permettent la tenue d&rsquo;\u00e9lections d\u00e9mocratiques, demandent aux gouvernements et aux organisations de rendre des comptes de leurs actions, et d\u00e9fendent les droits de l&rsquo;Homme \u00e0 travers le monde. Malheureusement, cela signifie aussi qu\u2019elles sont fortement cibl\u00e9es par des acteurs malveillants. Facebook Protect aide ces groupes de personnes \u00e0 adopter des mesures de protection renforc\u00e9es de leurs comptes, comme l\u2019authentification \u00e0 deux facteurs, et surveille les menaces de piratage potentielles. Test\u00e9 pour la premi\u00e8re fois en 2018, ce programme a \u00e9t\u00e9 d\u00e9ploy\u00e9 en amont des \u00e9lections am\u00e9ricaines de 2020. Son d\u00e9ploiement international a d\u00e9but\u00e9 cette ann\u00e9e en septembre. Depuis lors, plus de 1,5 million de comptes ont activ\u00e9 Facebook Protect, parmi lesquels pr\u00e8s de 950 000 comptes ayant nouvellement activ\u00e9 l&rsquo;authentification \u00e0 deux facteurs. Nous sommes en passe d&rsquo;\u00e9tendre le programme \u00e0 plus de 50 pays d&rsquo;ici la fin de l&rsquo;ann\u00e9e, notamment aux \u00c9tats-Unis, en Inde et au Portugal. Aucune action n&rsquo;est requise, sauf si vous vous voyez une notification sur Facebook vous indiquant votre \u00e9ligibilit\u00e9 \u00e0 ce programme. Des protections rendues obligatoires pour les personnes les plus cibl\u00e9es L&rsquo;authentification \u00e0 deux facteurs &#8211; notamment au moyen d&rsquo;applications d&rsquo;authentification tierces &#8211; am\u00e9liore consid\u00e9rablement la s\u00e9curit\u00e9 de vos comptes en ligne. \u00c0 l&rsquo;heure actuelle, tout le monde peut activer cette s\u00e9curit\u00e9, et tout le monde devrait le faire. Cependant, cette fonctionnalit\u00e9 importante a toujours \u00e9t\u00e9 sous-utilis\u00e9e sur Internet, m\u00eame par les personnes les plus susceptibles d&rsquo;\u00eatre cibl\u00e9es par des acteurs malveillants, comme les journalistes, les militants, les candidats politiques et autres. Avec Facebook Protect, nous nous sommes efforc\u00e9s de rendre l\u2019inscription et l&rsquo;utilisation de l&rsquo;authentification \u00e0 deux facteurs aussi simples que possible pour ces groupes de personnes en offrant une meilleure exp\u00e9rience utilisateur et une meilleure assistance. Nous commen\u00e7ons \u00e9galement \u00e0 rendre son utilisation obligatoire pour ces groupes. Nous savons qu&rsquo;il y aura toujours un petit nombre d&rsquo;utilisateurs qui ne s&rsquo;inscriront pas imm\u00e9diatement, par exemple ceux qui se trouvent \u00eatre moins actifs sur notre plate-forme au moment de l\u2019entr\u00e9e en vigueur de cette obligation. Cependant, nous pensons qu&rsquo;il s&rsquo;agit d&rsquo;une avanc\u00e9e importante pour ces communaut\u00e9s tr\u00e8s cibl\u00e9es. Ce que nous avons pu observer jusqu\u2019\u00e0 pr\u00e9sent est encourageant : lors des premiers tests men\u00e9s, la simplification du processus d\u2019inscription, l\u2019am\u00e9lioration du support offert aux utilisateurs, et le fait de rendre obligatoire Facebook Protect ont permis de faire passer le taux d&rsquo;adoption \u00e0 plus de 90 % en l&rsquo;espace d&rsquo;un mois pour ces groupes."}

À propos de Meta

Déploiement de Facebook Protect dans de nouveaux pays | À propos de Meta

<blockquote class="wp-embedded-content" data-secret="wFMkHWXOsm"><a href="https://about.fb.com/fr/news/2021/12/deploiement-de-facebook-protect-dans-de-nouveaux-pays/">Déploiement de Facebook Protect dans de nouveaux pays</a></blockquote><iframe sandbox="allow-scripts" security="restricted" src="https://about.fb.com/fr/news/2021/12/deploiement-de-facebook-protect-dans-de-nouveaux-pays/embed/#?secret=wFMkHWXOsm" width="600" height="338" title="« Déploiement de Facebook Protect dans de nouveaux pays » &#8212; À propos de Meta" data-secret="wFMkHWXOsm" frameborder="0" marginwidth="0" marginheight="0" scrolling="no" class="wp-embedded-content"></iframe><script type="text/javascript">
/* <![CDATA[ */
/*! This file is auto-generated */
!function(d,l){"use strict";l.querySelector&&d.addEventListener&&"undefined"!=typeof URL&&(d.wp=d.wp||{},d.wp.receiveEmbedMessage||(d.wp.receiveEmbedMessage=function(e){var t=e.data;if((t||t.secret||t.message||t.value)&&!/[^a-zA-Z0-9]/.test(t.secret)){for(var s,r,n,a=l.querySelectorAll('iframe[data-secret="'+t.secret+'"]'),o=l.querySelectorAll('blockquote[data-secret="'+t.secret+'"]'),c=new RegExp("^https?:$","i"),i=0;i<o.length;i++)o[i].style.display="none";for(i=0;i<a.length;i++)s=a[i],e.source===s.contentWindow&&(s.removeAttribute("style"),"height"===t.message?(1e3<(r=parseInt(t.value,10))?r=1e3:~~r<200&&(r=200),s.height=r):"link"===t.message&&(r=new URL(s.getAttribute("src")),n=new URL(t.value),c.test(n.protocol))&&n.host===r.host&&l.activeElement===s&&(d.top.location.href=t.value))}},d.addEventListener("message",d.wp.receiveEmbedMessage,!1),l.addEventListener("DOMContentLoaded",function(){for(var e,t,s=l.querySelectorAll("iframe.wp-embedded-content"),r=0;r<s.length;r++)(t=(e=s[r]).getAttribute("data-secret"))||(t=Math.random().toString(36).substring(2,12),e.src+="#?secret="+t,e.setAttribute("data-secret",t)),e.contentWindow.postMessage({message:"ready",secret:t},"*")},!1)))}(window,document);
//# sourceURL=https://about.fb.com/fr/wp-includes/js/wp-embed.min.js
/* ]]> */
</script>

Nous déployons Facebook Protect, notre programme de sécurité pour les groupes de personnes les plus susceptibles d&rsquo;être ciblés par des acteurs malveillants, comme les défenseurs des droits de l’Homme, les journalistes ou les responsables gouvernementaux. Aucune action n&rsquo;est requise, sauf si vous êtes invité à vous inscrire. Nous facilitons également la mise en place de l&rsquo;authentification à deux facteurs pour ces groupes de personnes. Dans le cadre de nos améliorations continues en matière de sécurité, nous étendons le déploiement de Facebook Protect, un programme conçu pour les groupes de personnes les plus ciblés par des pirates informatiques malveillants, comme les défenseurs des droits de l&rsquo;homme, les journalistes et les responsables gouvernementaux. Ces personnes sont au cœur de communautés clés pour le débat public. Elles permettent la tenue d&rsquo;élections démocratiques, demandent aux gouvernements et aux organisations de rendre des comptes de leurs actions, et défendent les droits de l&rsquo;Homme à travers le monde. Malheureusement, cela signifie aussi qu’elles sont fortement ciblées par des acteurs malveillants. Facebook Protect aide ces groupes de personnes à adopter des mesures de protection renforcées de leurs comptes, comme l’authentification à deux facteurs, et surveille les menaces de piratage potentielles. Testé pour la première fois en 2018, ce programme a été déployé en amont des élections américaines de 2020. Son déploiement international a débuté cette année en septembre. Depuis lors, plus de 1,5 million de comptes ont activé Facebook Protect, parmi lesquels près de 950 000 comptes ayant nouvellement activé l&rsquo;authentification à deux facteurs. Nous sommes en passe d&rsquo;étendre le programme à plus de 50 pays d&rsquo;ici la fin de l&rsquo;année, notamment aux États-Unis, en Inde et au Portugal. Aucune action n&rsquo;est requise, sauf si vous vous voyez une notification sur Facebook vous indiquant votre éligibilité à ce programme. Des protections rendues obligatoires pour les personnes les plus ciblées L&rsquo;authentification à deux facteurs &#8211; notamment au moyen d&rsquo;applications d&rsquo;authentification tierces &#8211; améliore considérablement la sécurité de vos comptes en ligne. À l&rsquo;heure actuelle, tout le monde peut activer cette sécurité, et tout le monde devrait le faire. Cependant, cette fonctionnalité importante a toujours été sous-utilisée sur Internet, même par les personnes les plus susceptibles d&rsquo;être ciblées par des acteurs malveillants, comme les journalistes, les militants, les candidats politiques et autres. Avec Facebook Protect, nous nous sommes efforcés de rendre l’inscription et l&rsquo;utilisation de l&rsquo;authentification à deux facteurs aussi simples que possible pour ces groupes de personnes en offrant une meilleure expérience utilisateur et une meilleure assistance. Nous commençons également à rendre son utilisation obligatoire pour ces groupes. Nous savons qu&rsquo;il y aura toujours un petit nombre d&rsquo;utilisateurs qui ne s&rsquo;inscriront pas immédiatement, par exemple ceux qui se trouvent être moins actifs sur notre plate-forme au moment de l’entrée en vigueur de cette obligation. Cependant, nous pensons qu&rsquo;il s&rsquo;agit d&rsquo;une avancée importante pour ces communautés très ciblées. Ce que nous avons pu observer jusqu’à présent est encourageant : lors des premiers tests menés, la simplification du processus d’inscription, l’amélioration du support offert aux utilisateurs, et le fait de rendre obligatoire Facebook Protect ont permis de faire passer le taux d&rsquo;adoption à plus de 90 % en l&rsquo;espace d&rsquo;un mois pour ces groupes.
