{"version":"1.0","provider_name":"\u00dcber Meta","provider_url":"https:\/\/about.fb.com\/de","author_name":"Meta","author_url":"https:\/\/about.fb.com\/de","title":"Podcast \"Das Facebook Briefing\" | Gemeinsam gegen den Klimawandel: Wie soziale Medien helfen, den Klimawandel zu bek\u00e4mpfen | \u00dcber Meta","type":"rich","width":600,"height":338,"html":"<blockquote class=\"wp-embedded-content\" data-secret=\"dgw6xUHz29\"><a href=\"https:\/\/about.fb.com\/de\/news\/2021\/10\/podcast-das-briefing-9-klimawandel\/\">Podcast &#8222;Das Facebook Briefing&#8220; | Gemeinsam gegen den Klimawandel: Wie soziale Medien helfen, den Klimawandel zu bek\u00e4mpfen<\/a><\/blockquote><iframe sandbox=\"allow-scripts\" security=\"restricted\" src=\"https:\/\/about.fb.com\/de\/news\/2021\/10\/podcast-das-briefing-9-klimawandel\/embed\/#?secret=dgw6xUHz29\" width=\"600\" height=\"338\" title=\"&#8222;Podcast &#8222;Das Facebook Briefing&#8220; | Gemeinsam gegen den Klimawandel: Wie soziale Medien helfen, den Klimawandel zu bek\u00e4mpfen&#8220; &#8212; \u00dcber Meta\" data-secret=\"dgw6xUHz29\" frameborder=\"0\" marginwidth=\"0\" marginheight=\"0\" scrolling=\"no\" class=\"wp-embedded-content\"><\/iframe><script type=\"text\/javascript\">\n\/* <![CDATA[ *\/\n\/*! This file is auto-generated *\/\n!function(d,l){\"use strict\";l.querySelector&&d.addEventListener&&\"undefined\"!=typeof URL&&(d.wp=d.wp||{},d.wp.receiveEmbedMessage||(d.wp.receiveEmbedMessage=function(e){var t=e.data;if((t||t.secret||t.message||t.value)&&!\/[^a-zA-Z0-9]\/.test(t.secret)){for(var s,r,n,a=l.querySelectorAll('iframe[data-secret=\"'+t.secret+'\"]'),o=l.querySelectorAll('blockquote[data-secret=\"'+t.secret+'\"]'),c=new RegExp(\"^https?:$\",\"i\"),i=0;i<o.length;i++)o[i].style.display=\"none\";for(i=0;i<a.length;i++)s=a[i],e.source===s.contentWindow&&(s.removeAttribute(\"style\"),\"height\"===t.message?(1e3<(r=parseInt(t.value,10))?r=1e3:~~r<200&&(r=200),s.height=r):\"link\"===t.message&&(r=new URL(s.getAttribute(\"src\")),n=new URL(t.value),c.test(n.protocol))&&n.host===r.host&&l.activeElement===s&&(d.top.location.href=t.value))}},d.addEventListener(\"message\",d.wp.receiveEmbedMessage,!1),l.addEventListener(\"DOMContentLoaded\",function(){for(var e,t,s=l.querySelectorAll(\"iframe.wp-embedded-content\"),r=0;r<s.length;r++)(t=(e=s[r]).getAttribute(\"data-secret\"))||(t=Math.random().toString(36).substring(2,12),e.src+=\"#?secret=\"+t,e.setAttribute(\"data-secret\",t)),e.contentWindow.postMessage({message:\"ready\",secret:t},\"*\")},!1)))}(window,document);\n\/\/# sourceURL=https:\/\/about.fb.com\/de\/wp-includes\/js\/wp-embed.min.js\n\/* ]]> *\/\n<\/script>\n","description":"Der Podcast ist auch auf Podigee und Apple Podcasts verf\u00fcgbar. Dr. Laura Spengler, Fachgebietsleiterin f\u00fcr nachhaltige Konsumstrukturen im Umweltbundesamt, und Eva-Maria Kirschsieper, Public Policy Director Sustainability, EMEA bei Meta, sprechen \u00fcber nachhaltiges Handeln von Konsument*innen und Unternehmen. In dieser Episode von \u201eDas Facebook Briefing\u201c diskutiert Gastgeber Hendrik Wieduwilt mit Laura Spengler, Leiterin des Fachgebiets \u201e\u00dcbergreifende Aspekte des produktbezogenen Umweltschutzes, Nachhaltige Konsumstrukturen, Innovationsprogramm\u201c im Umweltbundesamt (UBA) und Eva-Maria-Kirschsieper, Policy Director f\u00fcr Nachhaltigkeit in der EMEA Region bei Meta \u00fcber Klimaschutz und nachhaltigen Konsum. Dabei geht es insbesondere um Fragen nach der Verantwortung f\u00fcr nachhaltiges Handeln und wie jede einzelne Person dazu beitragen kann, die weltweiten CO2-Emissionen zu reduzieren. Was k\u00f6nnen soziale Medien au\u00dferdem tun, um das Thema Nachhaltigkeit st\u00e4rker in den gesellschaftlichen Fokus zu r\u00fccken?\u00a0 Klimaaktivist*innen wie Greta Thunberg kritisieren, dass beim Thema Umweltschutz zu h\u00e4ufig nur Phrasen im Vordergrund stehen. Die konkreten Taten lassen da meist auf sich warten. W\u00e4hrend f\u00fcr Verbraucher*innen auf der ganzen Welt gilt, ihren pers\u00f6nlichen Konsum nachhaltiger zu gestalten, m\u00fcssen auch Internetunternehmen wie Meta Verantwortung f\u00fcr umweltbewusstes Handeln \u00fcbernehmen. Daher arbeitet Meta nicht nur mit anderen Unternehmen zusammen, um in Zukunft CO2-neutral zu wirtschaften, sondern bek\u00e4mpft auf den eigenen Plattformen mit Hilfe von Faktencheckern und zielgerichteten Informationsangeboten Falschinformationen rund um den Klimawandel. &nbsp; &nbsp; \u00dcber die G\u00e4ste Dr. Laura Spengler ist Umwelt- und promovierte Politikwissenschaftlerin. Nach langj\u00e4hriger T\u00e4tigkeit bei dem Umweltberatungsunternehmen \u00d6kopol in Hamburg arbeitet sie seit 2019 als Expertin im UBA zu Nachhaltigkeitsinitiativen, die alle Verbraucher*innen f\u00fcr mehr Klimaschutz umsetzen k\u00f6nnen. Eva-Maria Kirschsieper ist seit 2021 Metas Policy Director f\u00fcr Nachhaltigkeit in der EMEA Region. Davor leitete sie f\u00fcr zehn Jahre Metas Policy-Team in Deutschland. Ab 2019 trieb sie insbesondere die Nachhaltigkeitsma\u00dfnahmen bei Meta aktiv voran und und setzte bereits wichtige Impulse in diesem Bereich. Eva-Maria ist unter anderem Mitglied der Leaders for Climate Action und Futurewoman. Weitere Infos dazu, was Meta f\u00fcr Klimaschutz und Nachhaltigkeit tut, findet ihr hier: https:\/\/sustainability.fb.com\/\u00a0","thumbnail_url":"https:\/\/about.fb.com\/de\/wp-content\/uploads\/sites\/10\/2021\/10\/Politik_Kommunikation-HEADLINER-LANDSCAPE_Meta_Briefing_660x300-1.png"}

Über Meta

Podcast "Das Facebook Briefing" | Gemeinsam gegen den Klimawandel: Wie soziale Medien helfen, den Klimawandel zu bekämpfen | Über Meta

<blockquote class="wp-embedded-content" data-secret="dgw6xUHz29"><a href="https://about.fb.com/de/news/2021/10/podcast-das-briefing-9-klimawandel/">Podcast &#8222;Das Facebook Briefing&#8220; | Gemeinsam gegen den Klimawandel: Wie soziale Medien helfen, den Klimawandel zu bekämpfen</a></blockquote><iframe sandbox="allow-scripts" security="restricted" src="https://about.fb.com/de/news/2021/10/podcast-das-briefing-9-klimawandel/embed/#?secret=dgw6xUHz29" width="600" height="338" title="&#8222;Podcast &#8222;Das Facebook Briefing&#8220; | Gemeinsam gegen den Klimawandel: Wie soziale Medien helfen, den Klimawandel zu bekämpfen&#8220; &#8212; Über Meta" data-secret="dgw6xUHz29" frameborder="0" marginwidth="0" marginheight="0" scrolling="no" class="wp-embedded-content"></iframe><script type="text/javascript">
/* <![CDATA[ */
/*! This file is auto-generated */
!function(d,l){"use strict";l.querySelector&&d.addEventListener&&"undefined"!=typeof URL&&(d.wp=d.wp||{},d.wp.receiveEmbedMessage||(d.wp.receiveEmbedMessage=function(e){var t=e.data;if((t||t.secret||t.message||t.value)&&!/[^a-zA-Z0-9]/.test(t.secret)){for(var s,r,n,a=l.querySelectorAll('iframe[data-secret="'+t.secret+'"]'),o=l.querySelectorAll('blockquote[data-secret="'+t.secret+'"]'),c=new RegExp("^https?:$","i"),i=0;i<o.length;i++)o[i].style.display="none";for(i=0;i<a.length;i++)s=a[i],e.source===s.contentWindow&&(s.removeAttribute("style"),"height"===t.message?(1e3<(r=parseInt(t.value,10))?r=1e3:~~r<200&&(r=200),s.height=r):"link"===t.message&&(r=new URL(s.getAttribute("src")),n=new URL(t.value),c.test(n.protocol))&&n.host===r.host&&l.activeElement===s&&(d.top.location.href=t.value))}},d.addEventListener("message",d.wp.receiveEmbedMessage,!1),l.addEventListener("DOMContentLoaded",function(){for(var e,t,s=l.querySelectorAll("iframe.wp-embedded-content"),r=0;r<s.length;r++)(t=(e=s[r]).getAttribute("data-secret"))||(t=Math.random().toString(36).substring(2,12),e.src+="#?secret="+t,e.setAttribute("data-secret",t)),e.contentWindow.postMessage({message:"ready",secret:t},"*")},!1)))}(window,document);
//# sourceURL=https://about.fb.com/de/wp-includes/js/wp-embed.min.js
/* ]]> */
</script>

Der Podcast ist auch auf Podigee und Apple Podcasts verfügbar. Dr. Laura Spengler, Fachgebietsleiterin für nachhaltige Konsumstrukturen im Umweltbundesamt, und Eva-Maria Kirschsieper, Public Policy Director Sustainability, EMEA bei Meta, sprechen über nachhaltiges Handeln von Konsument*innen und Unternehmen. In dieser Episode von „Das Facebook Briefing“ diskutiert Gastgeber Hendrik Wieduwilt mit Laura Spengler, Leiterin des Fachgebiets „Übergreifende Aspekte des produktbezogenen Umweltschutzes, Nachhaltige Konsumstrukturen, Innovationsprogramm“ im Umweltbundesamt (UBA) und Eva-Maria-Kirschsieper, Policy Director für Nachhaltigkeit in der EMEA Region bei Meta über Klimaschutz und nachhaltigen Konsum. Dabei geht es insbesondere um Fragen nach der Verantwortung für nachhaltiges Handeln und wie jede einzelne Person dazu beitragen kann, die weltweiten CO2-Emissionen zu reduzieren. Was können soziale Medien außerdem tun, um das Thema Nachhaltigkeit stärker in den gesellschaftlichen Fokus zu rücken?  Klimaaktivist*innen wie Greta Thunberg kritisieren, dass beim Thema Umweltschutz zu häufig nur Phrasen im Vordergrund stehen. Die konkreten Taten lassen da meist auf sich warten. Während für Verbraucher*innen auf der ganzen Welt gilt, ihren persönlichen Konsum nachhaltiger zu gestalten, müssen auch Internetunternehmen wie Meta Verantwortung für umweltbewusstes Handeln übernehmen. Daher arbeitet Meta nicht nur mit anderen Unternehmen zusammen, um in Zukunft CO2-neutral zu wirtschaften, sondern bekämpft auf den eigenen Plattformen mit Hilfe von Faktencheckern und zielgerichteten Informationsangeboten Falschinformationen rund um den Klimawandel. &nbsp; &nbsp; Über die Gäste Dr. Laura Spengler ist Umwelt- und promovierte Politikwissenschaftlerin. Nach langjähriger Tätigkeit bei dem Umweltberatungsunternehmen Ökopol in Hamburg arbeitet sie seit 2019 als Expertin im UBA zu Nachhaltigkeitsinitiativen, die alle Verbraucher*innen für mehr Klimaschutz umsetzen können. Eva-Maria Kirschsieper ist seit 2021 Metas Policy Director für Nachhaltigkeit in der EMEA Region. Davor leitete sie für zehn Jahre Metas Policy-Team in Deutschland. Ab 2019 trieb sie insbesondere die Nachhaltigkeitsmaßnahmen bei Meta aktiv voran und und setzte bereits wichtige Impulse in diesem Bereich. Eva-Maria ist unter anderem Mitglied der Leaders for Climate Action und Futurewoman. Weitere Infos dazu, was Meta für Klimaschutz und Nachhaltigkeit tut, findet ihr hier: https://sustainability.fb.com/
