{"version":"1.0","provider_name":"\u00dcber Meta","provider_url":"https:\/\/about.fb.com\/de","author_name":"Meta","author_url":"https:\/\/about.fb.com\/de","title":"Facebook \u201eBeweg Was\u201c: Das digitale Sportevent mit Daniel Aminati f\u00fcr den guten Zweck | \u00dcber Meta","type":"rich","width":600,"height":338,"html":"<blockquote class=\"wp-embedded-content\" data-secret=\"ztssLJBYEH\"><a href=\"https:\/\/about.fb.com\/de\/news\/2020\/10\/facebook-beweg-was\/\">Facebook \u201eBeweg Was\u201c: Das digitale Sportevent mit Daniel Aminati f\u00fcr den guten Zweck<\/a><\/blockquote><iframe sandbox=\"allow-scripts\" security=\"restricted\" src=\"https:\/\/about.fb.com\/de\/news\/2020\/10\/facebook-beweg-was\/embed\/#?secret=ztssLJBYEH\" width=\"600\" height=\"338\" title=\"&#8222;Facebook \u201eBeweg Was\u201c: Das digitale Sportevent mit Daniel Aminati f\u00fcr den guten Zweck&#8220; &#8212; \u00dcber Meta\" data-secret=\"ztssLJBYEH\" frameborder=\"0\" marginwidth=\"0\" marginheight=\"0\" scrolling=\"no\" class=\"wp-embedded-content\"><\/iframe><script type=\"text\/javascript\">\n\/* <![CDATA[ *\/\n\/*! This file is auto-generated *\/\n!function(d,l){\"use strict\";l.querySelector&&d.addEventListener&&\"undefined\"!=typeof URL&&(d.wp=d.wp||{},d.wp.receiveEmbedMessage||(d.wp.receiveEmbedMessage=function(e){var t=e.data;if((t||t.secret||t.message||t.value)&&!\/[^a-zA-Z0-9]\/.test(t.secret)){for(var s,r,n,a=l.querySelectorAll('iframe[data-secret=\"'+t.secret+'\"]'),o=l.querySelectorAll('blockquote[data-secret=\"'+t.secret+'\"]'),c=new RegExp(\"^https?:$\",\"i\"),i=0;i<o.length;i++)o[i].style.display=\"none\";for(i=0;i<a.length;i++)s=a[i],e.source===s.contentWindow&&(s.removeAttribute(\"style\"),\"height\"===t.message?(1e3<(r=parseInt(t.value,10))?r=1e3:~~r<200&&(r=200),s.height=r):\"link\"===t.message&&(r=new URL(s.getAttribute(\"src\")),n=new URL(t.value),c.test(n.protocol))&&n.host===r.host&&l.activeElement===s&&(d.top.location.href=t.value))}},d.addEventListener(\"message\",d.wp.receiveEmbedMessage,!1),l.addEventListener(\"DOMContentLoaded\",function(){for(var e,t,s=l.querySelectorAll(\"iframe.wp-embedded-content\"),r=0;r<s.length;r++)(t=(e=s[r]).getAttribute(\"data-secret\"))||(t=Math.random().toString(36).substring(2,12),e.src+=\"#?secret=\"+t,e.setAttribute(\"data-secret\",t)),e.contentWindow.postMessage({message:\"ready\",secret:t},\"*\")},!1)))}(window,document);\n\/\/# sourceURL=https:\/\/about.fb.com\/de\/wp-includes\/js\/wp-embed.min.js\n\/* ]]> *\/\n<\/script>\n","thumbnail_url":"https:\/\/about.fb.com\/de\/wp-content\/uploads\/sites\/10\/2020\/10\/Beweg-Was-Header.jpg?resize=1024,390","thumbnail_width":1024,"thumbnail_height":390,"description":"Ende Oktober rufen wir Facebook-Gruppen in ganz Deutschland dazu auf, sich und damit etwas zu bewegen! Von Aerobic \u00fcber Schwimmen bis hin zu Yoga \u2013 mit einer t\u00e4glichen Sporteinheit unterst\u00fctzen wir gemeinsam unsere Lieblingsh\u00e4ndler und lokalen Kleinunternehmer. Denn jede Aktivit\u00e4t erh\u00f6ht die Gewinnchance auf Support-Pakete f\u00fcr die Unternehmen. Um uns und die Community zu motivieren, geht der bekannte Fitness-Coach Daniel Aminati mit sportlichem Beispiel voran. Lokale Kleinunternehmen und regionale mittelst\u00e4ndische Unternehmen traf die Corona-Krise finanziell besonders stark. Doch gemeinsam k\u00f6nnen wir ihnen helfen. Vom 30. Oktober bis zum 04. November mobilisieren wir von Facebook deshalb die Kraft unserer Gruppen. Unser erstes digitales Sportevent \u201eBeweg Was\u201c fordert jeden auf, f\u00fcr sich im privaten Bereich Sport zu treiben und sieben Tage lang t\u00e4glich seine Trainingseinheiten mit uns zu teilen. Mit einem vereinten Ziel \u2013 etwas zu bewegen. Dabei spielen Dauer, zur\u00fcckgelegte Distanz oder Tempo keine Rolle. Es geht darum in Zeiten von \u201cPhysical Disctancing\u201d auch alleine sportlich aktiv zu werden, aber dabei immer virtuell mit seiner Facebook-Gruppe verbunden zu sein und damit den H\u00e4ndlern in der Krise zur Seite zu stehen. Aminati motiviert, Facebook gibt digitalen Support In unserer digitalisierten Welt sind Online-Werbung und -Content essentiell f\u00fcr den gesch\u00e4ftlichen Erfolg. Deshalb hilft Facebook 50 H\u00e4ndlern in Deutschland wirtschaftlich wieder auf die F\u00fc\u00dfe zu kommen: mit Budget f\u00fcr Werbung auf Facebook, digitaler Expertise, pers\u00f6nlichen Coachings und Workshops von Facebook-Experten und weiteren Preisen, beispielsweise einem dreimonatigen Premium-Abonnement von Boosted by Lightricks. Zus\u00e4tzlich gibt es Gutscheine von ausgesuchten kleinen Unternehmen zu gewinnen: Diese helfen doppelt &#8211; den H\u00e4ndlern, von denen wir sie kaufen und den Gewinnern nat\u00fcrlich. Die t\u00e4glichen Trainingseinheiten w\u00e4hrend des Facebook-Events aller Mitglieder innerhalb einer Gruppe werden addiert, erh\u00f6hen das Punktelevel und erweitern somit die Preisoptionen. F\u00fcr besondere Motivation sorgt Daniel Aminati: \u201eAls Fitness-Coach habe ich mit meinem eigenen Programm schon so einige Sportmuffel in Sportskanonen verwandelt \u2013 ich wei\u00df also, wie ich Deutschland ins Schwitzen bringe.\u201c Auch er wird t\u00e4glich f\u00fcr den Support der Kleinunternehmen aktiv, seine Trainingseinheiten teilen und die \u201eBeweg Was\u201c-Community mit Tipps motivierend begleiten. \u00a0Gemeinsam etwas bewegen &#8211; so geht\u2019s Jede Facebook-Gruppe kann teilnehmen, egal ob Lauftruppe oder Gitarrenkreis. Dazu registriert der Administrator der Gruppe ab 20.10.2020 sich auf dieser Eventseite und w\u00e4hlt gemeinsam mit den Gruppenmitgliedern einen Lieblings-H\u00e4ndler oder lokalen Kleinunternehmer aus, den sie mit ihren Sportaktivit\u00e4ten unterst\u00fctzen m\u00f6chten. In der Aktionswoche ver\u00f6ffentlichen wir jeden Tag einen neuen \u201eBeweg Was\u201c-Filter f\u00fcr unsere Facebook-Kamera, den die Nutzer f\u00fcr ihr Trainings-Foto oder Video verwenden m\u00fcssen. Ist das Training geschafft, posten die Teilnehmer ihren \u201eBeweg Was\u201c-Content in ihre Gruppe. Die Preise werden unter den teilnehmenden H\u00e4ndlern und Kleinunternehmern zu gleichen Teilen aufgeteilt. Je aktiver die Community, desto gr\u00f6\u00dfer wird der Gewinn f\u00fcr alle \u2013 ganz nach unserem Leitsatz #MehrGemeinsam Zusammen erreichen wir mehr: #MehrGemeinsam Ob Sport-Fan, Karaoke-Lover oder Vogelkundler \u2013 wir bieten f\u00fcr jeden eine passende Gruppe. In Deutschland sind rund 25 Millionen Menschen in mindestens einer unserer Facebook-Gruppen aktiv und inspirieren sich gegenseitig. Daraus kann Kleines, aber auch Gro\u00dfes entstehen: Pers\u00f6nliche Weiterentwicklung, gesellschaftliches Engagement oder beides gleichzeitig, wie bei \u201eBeweg Was\u201c. Die Gruppenmitglieder bewegen sich f\u00fcr sich selbst, aber auch f\u00fcr den guten Zweck."}

Über Meta

Facebook „Beweg Was“: Das digitale Sportevent mit Daniel Aminati für den guten Zweck | Über Meta

<blockquote class="wp-embedded-content" data-secret="ztssLJBYEH"><a href="https://about.fb.com/de/news/2020/10/facebook-beweg-was/">Facebook „Beweg Was“: Das digitale Sportevent mit Daniel Aminati für den guten Zweck</a></blockquote><iframe sandbox="allow-scripts" security="restricted" src="https://about.fb.com/de/news/2020/10/facebook-beweg-was/embed/#?secret=ztssLJBYEH" width="600" height="338" title="&#8222;Facebook „Beweg Was“: Das digitale Sportevent mit Daniel Aminati für den guten Zweck&#8220; &#8212; Über Meta" data-secret="ztssLJBYEH" frameborder="0" marginwidth="0" marginheight="0" scrolling="no" class="wp-embedded-content"></iframe><script type="text/javascript">
/* <![CDATA[ */
/*! This file is auto-generated */
!function(d,l){"use strict";l.querySelector&&d.addEventListener&&"undefined"!=typeof URL&&(d.wp=d.wp||{},d.wp.receiveEmbedMessage||(d.wp.receiveEmbedMessage=function(e){var t=e.data;if((t||t.secret||t.message||t.value)&&!/[^a-zA-Z0-9]/.test(t.secret)){for(var s,r,n,a=l.querySelectorAll('iframe[data-secret="'+t.secret+'"]'),o=l.querySelectorAll('blockquote[data-secret="'+t.secret+'"]'),c=new RegExp("^https?:$","i"),i=0;i<o.length;i++)o[i].style.display="none";for(i=0;i<a.length;i++)s=a[i],e.source===s.contentWindow&&(s.removeAttribute("style"),"height"===t.message?(1e3<(r=parseInt(t.value,10))?r=1e3:~~r<200&&(r=200),s.height=r):"link"===t.message&&(r=new URL(s.getAttribute("src")),n=new URL(t.value),c.test(n.protocol))&&n.host===r.host&&l.activeElement===s&&(d.top.location.href=t.value))}},d.addEventListener("message",d.wp.receiveEmbedMessage,!1),l.addEventListener("DOMContentLoaded",function(){for(var e,t,s=l.querySelectorAll("iframe.wp-embedded-content"),r=0;r<s.length;r++)(t=(e=s[r]).getAttribute("data-secret"))||(t=Math.random().toString(36).substring(2,12),e.src+="#?secret="+t,e.setAttribute("data-secret",t)),e.contentWindow.postMessage({message:"ready",secret:t},"*")},!1)))}(window,document);
//# sourceURL=https://about.fb.com/de/wp-includes/js/wp-embed.min.js
/* ]]> */
</script>

Ende Oktober rufen wir Facebook-Gruppen in ganz Deutschland dazu auf, sich und damit etwas zu bewegen! Von Aerobic über Schwimmen bis hin zu Yoga – mit einer täglichen Sporteinheit unterstützen wir gemeinsam unsere Lieblingshändler und lokalen Kleinunternehmer. Denn jede Aktivität erhöht die Gewinnchance auf Support-Pakete für die Unternehmen. Um uns und die Community zu motivieren, geht der bekannte Fitness-Coach Daniel Aminati mit sportlichem Beispiel voran. Lokale Kleinunternehmen und regionale mittelständische Unternehmen traf die Corona-Krise finanziell besonders stark. Doch gemeinsam können wir ihnen helfen. Vom 30. Oktober bis zum 04. November mobilisieren wir von Facebook deshalb die Kraft unserer Gruppen. Unser erstes digitales Sportevent „Beweg Was“ fordert jeden auf, für sich im privaten Bereich Sport zu treiben und sieben Tage lang täglich seine Trainingseinheiten mit uns zu teilen. Mit einem vereinten Ziel – etwas zu bewegen. Dabei spielen Dauer, zurückgelegte Distanz oder Tempo keine Rolle. Es geht darum in Zeiten von “Physical Disctancing” auch alleine sportlich aktiv zu werden, aber dabei immer virtuell mit seiner Facebook-Gruppe verbunden zu sein und damit den Händlern in der Krise zur Seite zu stehen. Aminati motiviert, Facebook gibt digitalen Support In unserer digitalisierten Welt sind Online-Werbung und -Content essentiell für den geschäftlichen Erfolg. Deshalb hilft Facebook 50 Händlern in Deutschland wirtschaftlich wieder auf die Füße zu kommen: mit Budget für Werbung auf Facebook, digitaler Expertise, persönlichen Coachings und Workshops von Facebook-Experten und weiteren Preisen, beispielsweise einem dreimonatigen Premium-Abonnement von Boosted by Lightricks. Zusätzlich gibt es Gutscheine von ausgesuchten kleinen Unternehmen zu gewinnen: Diese helfen doppelt &#8211; den Händlern, von denen wir sie kaufen und den Gewinnern natürlich. Die täglichen Trainingseinheiten während des Facebook-Events aller Mitglieder innerhalb einer Gruppe werden addiert, erhöhen das Punktelevel und erweitern somit die Preisoptionen. Für besondere Motivation sorgt Daniel Aminati: „Als Fitness-Coach habe ich mit meinem eigenen Programm schon so einige Sportmuffel in Sportskanonen verwandelt – ich weiß also, wie ich Deutschland ins Schwitzen bringe.“ Auch er wird täglich für den Support der Kleinunternehmen aktiv, seine Trainingseinheiten teilen und die „Beweg Was“-Community mit Tipps motivierend begleiten.  Gemeinsam etwas bewegen &#8211; so geht’s Jede Facebook-Gruppe kann teilnehmen, egal ob Lauftruppe oder Gitarrenkreis. Dazu registriert der Administrator der Gruppe ab 20.10.2020 sich auf dieser Eventseite und wählt gemeinsam mit den Gruppenmitgliedern einen Lieblings-Händler oder lokalen Kleinunternehmer aus, den sie mit ihren Sportaktivitäten unterstützen möchten. In der Aktionswoche veröffentlichen wir jeden Tag einen neuen „Beweg Was“-Filter für unsere Facebook-Kamera, den die Nutzer für ihr Trainings-Foto oder Video verwenden müssen. Ist das Training geschafft, posten die Teilnehmer ihren „Beweg Was“-Content in ihre Gruppe. Die Preise werden unter den teilnehmenden Händlern und Kleinunternehmern zu gleichen Teilen aufgeteilt. Je aktiver die Community, desto größer wird der Gewinn für alle – ganz nach unserem Leitsatz #MehrGemeinsam Zusammen erreichen wir mehr: #MehrGemeinsam Ob Sport-Fan, Karaoke-Lover oder Vogelkundler – wir bieten für jeden eine passende Gruppe. In Deutschland sind rund 25 Millionen Menschen in mindestens einer unserer Facebook-Gruppen aktiv und inspirieren sich gegenseitig. Daraus kann Kleines, aber auch Großes entstehen: Persönliche Weiterentwicklung, gesellschaftliches Engagement oder beides gleichzeitig, wie bei „Beweg Was“. Die Gruppenmitglieder bewegen sich für sich selbst, aber auch für den guten Zweck.
