{"version":"1.0","provider_name":"\u00dcber Meta","provider_url":"https:\/\/about.fb.com\/de","author_name":"Meta","author_url":"https:\/\/about.fb.com\/de","title":"Jetzt reinh\u00f6ren: Facebook startet Soundbites in Deutschland | \u00dcber Meta","type":"rich","width":600,"height":338,"html":"<blockquote class=\"wp-embedded-content\" data-secret=\"5qe9CcpIXt\"><a href=\"https:\/\/about.fb.com\/de\/news\/2019\/04\/jetzt-reinhoeren-facebook-startet-soundbites-in-deutschland\/\">Jetzt reinh\u00f6ren: Facebook startet Soundbites in Deutschland<\/a><\/blockquote><iframe sandbox=\"allow-scripts\" security=\"restricted\" src=\"https:\/\/about.fb.com\/de\/news\/2019\/04\/jetzt-reinhoeren-facebook-startet-soundbites-in-deutschland\/embed\/#?secret=5qe9CcpIXt\" width=\"600\" height=\"338\" title=\"&#8222;Jetzt reinh\u00f6ren: Facebook startet Soundbites in Deutschland&#8220; &#8212; \u00dcber Meta\" data-secret=\"5qe9CcpIXt\" frameborder=\"0\" marginwidth=\"0\" marginheight=\"0\" scrolling=\"no\" class=\"wp-embedded-content\"><\/iframe><script type=\"text\/javascript\">\n\/* <![CDATA[ *\/\n\/*! This file is auto-generated *\/\n!function(d,l){\"use strict\";l.querySelector&&d.addEventListener&&\"undefined\"!=typeof URL&&(d.wp=d.wp||{},d.wp.receiveEmbedMessage||(d.wp.receiveEmbedMessage=function(e){var t=e.data;if((t||t.secret||t.message||t.value)&&!\/[^a-zA-Z0-9]\/.test(t.secret)){for(var s,r,n,a=l.querySelectorAll('iframe[data-secret=\"'+t.secret+'\"]'),o=l.querySelectorAll('blockquote[data-secret=\"'+t.secret+'\"]'),c=new RegExp(\"^https?:$\",\"i\"),i=0;i<o.length;i++)o[i].style.display=\"none\";for(i=0;i<a.length;i++)s=a[i],e.source===s.contentWindow&&(s.removeAttribute(\"style\"),\"height\"===t.message?(1e3<(r=parseInt(t.value,10))?r=1e3:~~r<200&&(r=200),s.height=r):\"link\"===t.message&&(r=new URL(s.getAttribute(\"src\")),n=new URL(t.value),c.test(n.protocol))&&n.host===r.host&&l.activeElement===s&&(d.top.location.href=t.value))}},d.addEventListener(\"message\",d.wp.receiveEmbedMessage,!1),l.addEventListener(\"DOMContentLoaded\",function(){for(var e,t,s=l.querySelectorAll(\"iframe.wp-embedded-content\"),r=0;r<s.length;r++)(t=(e=s[r]).getAttribute(\"data-secret\"))||(t=Math.random().toString(36).substring(2,12),e.src+=\"#?secret=\"+t,e.setAttribute(\"data-secret\",t)),e.contentWindow.postMessage({message:\"ready\",secret:t},\"*\")},!1)))}(window,document);\n\/\/# sourceURL=https:\/\/about.fb.com\/de\/wp-includes\/js\/wp-embed.min.js\n\/* ]]> *\/\n<\/script>\n","thumbnail_url":"https:\/\/about.fb.com\/de\/wp-content\/uploads\/sites\/10\/2019\/04\/podcast-logo_zeichenflc3a4che-1.png?resize=1024,577","thumbnail_width":1024,"thumbnail_height":577,"description":"Unter dem Titel \u201cMeet Facebook. Ihr fragt. Wir antworten.\u201d sind Facebook-Mitarbeiter aus Deutschland im vergangenen Jahr vor die Kamera gegangen, um einige der am h\u00e4ufigsten gestellten Fragen pers\u00f6nlich zu beantworten und Menschen so die M\u00f6glichkeit zu geben, Facebook besser kennenzulernen. Die Schwerpunkte der einzelnen Videos reichten von viel diskutierten Themen wie Datenschutz und den Gemeinschaftsstandards bis hin zu allgemeinen Fragen zu unserem Engagement im Bereich digitale Bildung. Wir erweitern nun die \u201cMeet Facebook\u201d-Kampagne um Soundbites, in denen Facebook-Mitarbeiter Fragen zu aktuellen und wiederkehrenden Themen beantworten. Mit diesem Format wollen wir dem Wunsch vieler Redaktionen nach Audio-Statements gerecht werden und gleichzeitig die Bem\u00fchungen, unsere Arbeit noch besser zu erkl\u00e4ren und transparent zu sein, fortsetzen. Die etwa dreimin\u00fctigen Beitr\u00e4ge werden im Newsroom ver\u00f6ffentlicht. Vereinzelt werden auch Themen in englischer Sprache behandelt. Wir freuen uns auf Feedback und sammeln weiterhin Fragen, die wir in kommenden Episoden beantworten werden."}

Über Meta

Jetzt reinhören: Facebook startet Soundbites in Deutschland | Über Meta

<blockquote class="wp-embedded-content" data-secret="5qe9CcpIXt"><a href="https://about.fb.com/de/news/2019/04/jetzt-reinhoeren-facebook-startet-soundbites-in-deutschland/">Jetzt reinhören: Facebook startet Soundbites in Deutschland</a></blockquote><iframe sandbox="allow-scripts" security="restricted" src="https://about.fb.com/de/news/2019/04/jetzt-reinhoeren-facebook-startet-soundbites-in-deutschland/embed/#?secret=5qe9CcpIXt" width="600" height="338" title="&#8222;Jetzt reinhören: Facebook startet Soundbites in Deutschland&#8220; &#8212; Über Meta" data-secret="5qe9CcpIXt" frameborder="0" marginwidth="0" marginheight="0" scrolling="no" class="wp-embedded-content"></iframe><script type="text/javascript">
/* <![CDATA[ */
/*! This file is auto-generated */
!function(d,l){"use strict";l.querySelector&&d.addEventListener&&"undefined"!=typeof URL&&(d.wp=d.wp||{},d.wp.receiveEmbedMessage||(d.wp.receiveEmbedMessage=function(e){var t=e.data;if((t||t.secret||t.message||t.value)&&!/[^a-zA-Z0-9]/.test(t.secret)){for(var s,r,n,a=l.querySelectorAll('iframe[data-secret="'+t.secret+'"]'),o=l.querySelectorAll('blockquote[data-secret="'+t.secret+'"]'),c=new RegExp("^https?:$","i"),i=0;i<o.length;i++)o[i].style.display="none";for(i=0;i<a.length;i++)s=a[i],e.source===s.contentWindow&&(s.removeAttribute("style"),"height"===t.message?(1e3<(r=parseInt(t.value,10))?r=1e3:~~r<200&&(r=200),s.height=r):"link"===t.message&&(r=new URL(s.getAttribute("src")),n=new URL(t.value),c.test(n.protocol))&&n.host===r.host&&l.activeElement===s&&(d.top.location.href=t.value))}},d.addEventListener("message",d.wp.receiveEmbedMessage,!1),l.addEventListener("DOMContentLoaded",function(){for(var e,t,s=l.querySelectorAll("iframe.wp-embedded-content"),r=0;r<s.length;r++)(t=(e=s[r]).getAttribute("data-secret"))||(t=Math.random().toString(36).substring(2,12),e.src+="#?secret="+t,e.setAttribute("data-secret",t)),e.contentWindow.postMessage({message:"ready",secret:t},"*")},!1)))}(window,document);
//# sourceURL=https://about.fb.com/de/wp-includes/js/wp-embed.min.js
/* ]]> */
</script>

Unter dem Titel “Meet Facebook. Ihr fragt. Wir antworten.” sind Facebook-Mitarbeiter aus Deutschland im vergangenen Jahr vor die Kamera gegangen, um einige der am häufigsten gestellten Fragen persönlich zu beantworten und Menschen so die Möglichkeit zu geben, Facebook besser kennenzulernen. Die Schwerpunkte der einzelnen Videos reichten von viel diskutierten Themen wie Datenschutz und den Gemeinschaftsstandards bis hin zu allgemeinen Fragen zu unserem Engagement im Bereich digitale Bildung. Wir erweitern nun die “Meet Facebook”-Kampagne um Soundbites, in denen Facebook-Mitarbeiter Fragen zu aktuellen und wiederkehrenden Themen beantworten. Mit diesem Format wollen wir dem Wunsch vieler Redaktionen nach Audio-Statements gerecht werden und gleichzeitig die Bemühungen, unsere Arbeit noch besser zu erklären und transparent zu sein, fortsetzen. Die etwa dreiminütigen Beiträge werden im Newsroom veröffentlicht. Vereinzelt werden auch Themen in englischer Sprache behandelt. Wir freuen uns auf Feedback und sammeln weiterhin Fragen, die wir in kommenden Episoden beantworten werden.
