{"version":"1.0","provider_name":"\u00dcber Meta","provider_url":"https:\/\/about.fb.com\/de","author_name":"Meta","author_url":"https:\/\/about.fb.com\/de","title":"Bewerbungsphase des Smart Hero Award bis Ostern verl\u00e4ngert! | \u00dcber Meta","type":"rich","width":600,"height":338,"html":"<blockquote class=\"wp-embedded-content\" data-secret=\"Qh2Mkq5hjB\"><a href=\"https:\/\/about.fb.com\/de\/news\/2019\/03\/bewerbungsphase-verlaengert\/\">Bewerbungsphase des Smart Hero Award bis Ostern verl\u00e4ngert!<\/a><\/blockquote><iframe sandbox=\"allow-scripts\" security=\"restricted\" src=\"https:\/\/about.fb.com\/de\/news\/2019\/03\/bewerbungsphase-verlaengert\/embed\/#?secret=Qh2Mkq5hjB\" width=\"600\" height=\"338\" title=\"&#8222;Bewerbungsphase des Smart Hero Award bis Ostern verl\u00e4ngert!&#8220; &#8212; \u00dcber Meta\" data-secret=\"Qh2Mkq5hjB\" frameborder=\"0\" marginwidth=\"0\" marginheight=\"0\" scrolling=\"no\" class=\"wp-embedded-content\"><\/iframe><script type=\"text\/javascript\">\n\/* <![CDATA[ *\/\n\/*! This file is auto-generated *\/\n!function(d,l){\"use strict\";l.querySelector&&d.addEventListener&&\"undefined\"!=typeof URL&&(d.wp=d.wp||{},d.wp.receiveEmbedMessage||(d.wp.receiveEmbedMessage=function(e){var t=e.data;if((t||t.secret||t.message||t.value)&&!\/[^a-zA-Z0-9]\/.test(t.secret)){for(var s,r,n,a=l.querySelectorAll('iframe[data-secret=\"'+t.secret+'\"]'),o=l.querySelectorAll('blockquote[data-secret=\"'+t.secret+'\"]'),c=new RegExp(\"^https?:$\",\"i\"),i=0;i<o.length;i++)o[i].style.display=\"none\";for(i=0;i<a.length;i++)s=a[i],e.source===s.contentWindow&&(s.removeAttribute(\"style\"),\"height\"===t.message?(1e3<(r=parseInt(t.value,10))?r=1e3:~~r<200&&(r=200),s.height=r):\"link\"===t.message&&(r=new URL(s.getAttribute(\"src\")),n=new URL(t.value),c.test(n.protocol))&&n.host===r.host&&l.activeElement===s&&(d.top.location.href=t.value))}},d.addEventListener(\"message\",d.wp.receiveEmbedMessage,!1),l.addEventListener(\"DOMContentLoaded\",function(){for(var e,t,s=l.querySelectorAll(\"iframe.wp-embedded-content\"),r=0;r<s.length;r++)(t=(e=s[r]).getAttribute(\"data-secret\"))||(t=Math.random().toString(36).substring(2,12),e.src+=\"#?secret=\"+t,e.setAttribute(\"data-secret\",t)),e.contentWindow.postMessage({message:\"ready\",secret:t},\"*\")},!1)))}(window,document);\n\/\/# sourceURL=https:\/\/about.fb.com\/de\/wp-includes\/js\/wp-embed.min.js\n\/* ]]> *\/\n<\/script>\n","thumbnail_url":"https:\/\/about.fb.com\/de\/wp-content\/uploads\/sites\/10\/2019\/03\/sha_041.jpg?resize=1024,684","thumbnail_width":1024,"thumbnail_height":684,"description":"Hochkar\u00e4tig besetzte Jury steht fest und wird Sonderpreis vergeben Seit Anfang Januar suchen die Stiftung Digitale Chancen und Facebook wie jedes Jahr Menschen, die sich engagieren, anderen helfen und Br\u00fccken f\u00fcr ein gemeinschaftliches Miteinander bauen &#8211; diesmal unter dem Schwerpunktthema \u201cEine demokratische Gesellschaft\u201d. Nachdem in den vergangenen Wochen bereits zahlreiche Wettbewerbsbeitr\u00e4ge f\u00fcr den Smart Hero Award eingegangen sind, wird die Bewerbungsphase noch einmal verl\u00e4ngert: Bis zum 22. April k\u00f6nnen Projekte unter www.smart-hero-award.de\/bewerbung ins Rennen geschickt werden. Projekte und Initiativen k\u00f6nnen sich entweder selbst bewerben oder von anderen f\u00fcr die Auszeichnung vorgeschlagen werden. \u201cSmart Heroes leisten einen wichtigen Beitrag f\u00fcr demokratische Werte und den gesellschaftlichen Zusammenhalt in unserem Land. Sie vollbringen jeden Tag kleine und gro\u00dfe Heldentaten\u201d, betont Staatsministerin Dorothee B\u00e4r, Beauftragte der Bundesregierung f\u00fcr Digitalisierung und Schirmherrin des Awards. \u201cIhr tatkr\u00e4ftiger Einsatz verdient hohe Anerkennung, bindet aber innerhalb der Projekte auch erhebliche Ressourcen\u201d, so B\u00e4r weiter. \u201cMit der verl\u00e4ngerten Bewerbungsphase kommen wir daher dem Wunsch vieler Menschen nach, etwas mehr Zeit zu bekommen f\u00fcr die eigene Bewerbung oder um Projekte vorzuschlagen\u201d, erg\u00e4nzt Jutta Croll, Vorstandsvorsitzende der Stiftung Digitale Chancen. Die Stiftung Digitale Chancen und ein Expertengremium bewerten anschlie\u00dfend in einem mehrstufigen Verfahren alle Wettbewerbsbeitr\u00e4ge anhand eines umfassenden Kriterienkatalogs und nominieren die Finalisten. Anschlie\u00dfend entscheidet eine hochrangig besetzte Jury \u00fcber die Preistr\u00e4ger und vergibt w\u00e4hrend einer feierlichen Preisverleihung im September in Berlin erstmals einen Jurypreis \u201ef\u00fcr den besonderen Einsatz f\u00fcr demokratische Werte\u201c. F\u00fcr die Jury konnten bislang die folgenden Personen gewonnen werden: Kerstin Andreae, Stellvertretende Vorsitzende der Bundestagsfraktion B\u00fcndnis 90\/Die Gr\u00fcnen Prof. Dr. Maria B\u00f6hmer, Pr\u00e4sidentin der Deutschen UNESCO-Kommission J\u00fcrgen Dusel, Beauftragter der Bundesregierung f\u00fcr die Belange von Menschen mit Behinderungen Saskia Esken, SPD, Mitglied des Deutschen Bundestags K\u00fcbra G\u00fcm\u00fc\u015fay, Journalistin und Aktivistin Thomas Kr\u00fcger, Pr\u00e4sident der Bundeszentrale f\u00fcr politische Bildung Hannes Ley, Gr\u00fcnder von #ichbinhier Philipp Otto, Direktor irights.lab Dr. Ferdinand Mirbach, Senior Projektmanager bei der Robert Bosch Stiftung Donata Freifrau Schenck zu Schweinsberg Dr. Marie-Agnes Strack-Zimmermann, Stellvertretende Bundesvorsitzende der FDP Annette Widmann-Mauz, CDU, Beauftragte der Bundesregierung f\u00fcr Migration, Fl\u00fcchtlinge und Integration Brigitte Zypries, SPD, Bundesministerin a.D. Weitere Informationen zum Smart Hero Award, dem Bewerbungsverfahren sowie den Preistr\u00e4gern der letzten Jahre, finden Sie unter www.smart-hero-award.de"}

Über Meta

Bewerbungsphase des Smart Hero Award bis Ostern verlängert! | Über Meta

<blockquote class="wp-embedded-content" data-secret="Qh2Mkq5hjB"><a href="https://about.fb.com/de/news/2019/03/bewerbungsphase-verlaengert/">Bewerbungsphase des Smart Hero Award bis Ostern verlängert!</a></blockquote><iframe sandbox="allow-scripts" security="restricted" src="https://about.fb.com/de/news/2019/03/bewerbungsphase-verlaengert/embed/#?secret=Qh2Mkq5hjB" width="600" height="338" title="&#8222;Bewerbungsphase des Smart Hero Award bis Ostern verlängert!&#8220; &#8212; Über Meta" data-secret="Qh2Mkq5hjB" frameborder="0" marginwidth="0" marginheight="0" scrolling="no" class="wp-embedded-content"></iframe><script type="text/javascript">
/* <![CDATA[ */
/*! This file is auto-generated */
!function(d,l){"use strict";l.querySelector&&d.addEventListener&&"undefined"!=typeof URL&&(d.wp=d.wp||{},d.wp.receiveEmbedMessage||(d.wp.receiveEmbedMessage=function(e){var t=e.data;if((t||t.secret||t.message||t.value)&&!/[^a-zA-Z0-9]/.test(t.secret)){for(var s,r,n,a=l.querySelectorAll('iframe[data-secret="'+t.secret+'"]'),o=l.querySelectorAll('blockquote[data-secret="'+t.secret+'"]'),c=new RegExp("^https?:$","i"),i=0;i<o.length;i++)o[i].style.display="none";for(i=0;i<a.length;i++)s=a[i],e.source===s.contentWindow&&(s.removeAttribute("style"),"height"===t.message?(1e3<(r=parseInt(t.value,10))?r=1e3:~~r<200&&(r=200),s.height=r):"link"===t.message&&(r=new URL(s.getAttribute("src")),n=new URL(t.value),c.test(n.protocol))&&n.host===r.host&&l.activeElement===s&&(d.top.location.href=t.value))}},d.addEventListener("message",d.wp.receiveEmbedMessage,!1),l.addEventListener("DOMContentLoaded",function(){for(var e,t,s=l.querySelectorAll("iframe.wp-embedded-content"),r=0;r<s.length;r++)(t=(e=s[r]).getAttribute("data-secret"))||(t=Math.random().toString(36).substring(2,12),e.src+="#?secret="+t,e.setAttribute("data-secret",t)),e.contentWindow.postMessage({message:"ready",secret:t},"*")},!1)))}(window,document);
//# sourceURL=https://about.fb.com/de/wp-includes/js/wp-embed.min.js
/* ]]> */
</script>

Hochkarätig besetzte Jury steht fest und wird Sonderpreis vergeben Seit Anfang Januar suchen die Stiftung Digitale Chancen und Facebook wie jedes Jahr Menschen, die sich engagieren, anderen helfen und Brücken für ein gemeinschaftliches Miteinander bauen &#8211; diesmal unter dem Schwerpunktthema “Eine demokratische Gesellschaft”. Nachdem in den vergangenen Wochen bereits zahlreiche Wettbewerbsbeiträge für den Smart Hero Award eingegangen sind, wird die Bewerbungsphase noch einmal verlängert: Bis zum 22. April können Projekte unter www.smart-hero-award.de/bewerbung ins Rennen geschickt werden. Projekte und Initiativen können sich entweder selbst bewerben oder von anderen für die Auszeichnung vorgeschlagen werden. “Smart Heroes leisten einen wichtigen Beitrag für demokratische Werte und den gesellschaftlichen Zusammenhalt in unserem Land. Sie vollbringen jeden Tag kleine und große Heldentaten”, betont Staatsministerin Dorothee Bär, Beauftragte der Bundesregierung für Digitalisierung und Schirmherrin des Awards. “Ihr tatkräftiger Einsatz verdient hohe Anerkennung, bindet aber innerhalb der Projekte auch erhebliche Ressourcen”, so Bär weiter. “Mit der verlängerten Bewerbungsphase kommen wir daher dem Wunsch vieler Menschen nach, etwas mehr Zeit zu bekommen für die eigene Bewerbung oder um Projekte vorzuschlagen”, ergänzt Jutta Croll, Vorstandsvorsitzende der Stiftung Digitale Chancen. Die Stiftung Digitale Chancen und ein Expertengremium bewerten anschließend in einem mehrstufigen Verfahren alle Wettbewerbsbeiträge anhand eines umfassenden Kriterienkatalogs und nominieren die Finalisten. Anschließend entscheidet eine hochrangig besetzte Jury über die Preisträger und vergibt während einer feierlichen Preisverleihung im September in Berlin erstmals einen Jurypreis „für den besonderen Einsatz für demokratische Werte“. Für die Jury konnten bislang die folgenden Personen gewonnen werden: Kerstin Andreae, Stellvertretende Vorsitzende der Bundestagsfraktion Bündnis 90/Die Grünen Prof. Dr. Maria Böhmer, Präsidentin der Deutschen UNESCO-Kommission Jürgen Dusel, Beauftragter der Bundesregierung für die Belange von Menschen mit Behinderungen Saskia Esken, SPD, Mitglied des Deutschen Bundestags Kübra Gümüşay, Journalistin und Aktivistin Thomas Krüger, Präsident der Bundeszentrale für politische Bildung Hannes Ley, Gründer von #ichbinhier Philipp Otto, Direktor irights.lab Dr. Ferdinand Mirbach, Senior Projektmanager bei der Robert Bosch Stiftung Donata Freifrau Schenck zu Schweinsberg Dr. Marie-Agnes Strack-Zimmermann, Stellvertretende Bundesvorsitzende der FDP Annette Widmann-Mauz, CDU, Beauftragte der Bundesregierung für Migration, Flüchtlinge und Integration Brigitte Zypries, SPD, Bundesministerin a.D. Weitere Informationen zum Smart Hero Award, dem Bewerbungsverfahren sowie den Preisträgern der letzten Jahre, finden Sie unter www.smart-hero-award.de
