{"version":"1.0","provider_name":"\u00dcber Meta","provider_url":"https:\/\/about.fb.com\/de","author_name":"Meta","author_url":"https:\/\/about.fb.com\/de","title":"Karandeep Anand, Head of Workplace | \u00dcber Meta","type":"rich","width":600,"height":338,"html":"<blockquote class=\"wp-embedded-content\" data-secret=\"2PsBbaiIJd\"><a href=\"https:\/\/about.fb.com\/de\/media-gallery\/executives\/karandeep-anand\/\">Karandeep Anand, Head of Workplace<\/a><\/blockquote><iframe sandbox=\"allow-scripts\" security=\"restricted\" src=\"https:\/\/about.fb.com\/de\/media-gallery\/executives\/karandeep-anand\/embed\/#?secret=2PsBbaiIJd\" width=\"600\" height=\"338\" title=\"&#8222;Karandeep Anand, Head of Workplace&#8220; &#8212; \u00dcber Meta\" data-secret=\"2PsBbaiIJd\" frameborder=\"0\" marginwidth=\"0\" marginheight=\"0\" scrolling=\"no\" class=\"wp-embedded-content\"><\/iframe><script type=\"text\/javascript\">\n\/* <![CDATA[ *\/\n\/*! This file is auto-generated *\/\n!function(d,l){\"use strict\";l.querySelector&&d.addEventListener&&\"undefined\"!=typeof URL&&(d.wp=d.wp||{},d.wp.receiveEmbedMessage||(d.wp.receiveEmbedMessage=function(e){var t=e.data;if((t||t.secret||t.message||t.value)&&!\/[^a-zA-Z0-9]\/.test(t.secret)){for(var s,r,n,a=l.querySelectorAll('iframe[data-secret=\"'+t.secret+'\"]'),o=l.querySelectorAll('blockquote[data-secret=\"'+t.secret+'\"]'),c=new RegExp(\"^https?:$\",\"i\"),i=0;i<o.length;i++)o[i].style.display=\"none\";for(i=0;i<a.length;i++)s=a[i],e.source===s.contentWindow&&(s.removeAttribute(\"style\"),\"height\"===t.message?(1e3<(r=parseInt(t.value,10))?r=1e3:~~r<200&&(r=200),s.height=r):\"link\"===t.message&&(r=new URL(s.getAttribute(\"src\")),n=new URL(t.value),c.test(n.protocol))&&n.host===r.host&&l.activeElement===s&&(d.top.location.href=t.value))}},d.addEventListener(\"message\",d.wp.receiveEmbedMessage,!1),l.addEventListener(\"DOMContentLoaded\",function(){for(var e,t,s=l.querySelectorAll(\"iframe.wp-embedded-content\"),r=0;r<s.length;r++)(t=(e=s[r]).getAttribute(\"data-secret\"))||(t=Math.random().toString(36).substring(2,12),e.src+=\"#?secret=\"+t,e.setAttribute(\"data-secret\",t)),e.contentWindow.postMessage({message:\"ready\",secret:t},\"*\")},!1)))}(window,document);\n\/\/# sourceURL=https:\/\/about.fb.com\/de\/wp-includes\/js\/wp-embed.min.js\n\/* ]]> *\/\n<\/script>\n","thumbnail_url":"https:\/\/about.fb.com\/de\/wp-content\/uploads\/sites\/10\/2019\/11\/Karandeep-Anand.jpg?resize=1024,683","thumbnail_width":1024,"thumbnail_height":683,"description":"Karandeep Anand, Head of Workplace Karandeep Anand ist ein erfahrener Product Leader mit Spezialisierung auf Enterprise SaaS, mehrseitige Marktpl\u00e4tze, Entwicklerplattformen, Monetarisierung und Wachstum. Als VP und Head of Workplace bei Facebook leitet er das Produkt und die Business-Sparte, die dabei sind, die zuk\u00fcnftige Arbeitswelt neu zu definieren. Bevor er die Leitung von Workplace \u00fcbernahm, unterst\u00fctzte er den Aufbau und die Skalierung von Facebook Marketplace und des Zahlungssystems f\u00fcr \u00fcber 800\u00a0Millionen Personen und Unternehmen. Vor diesen Meilensteinen war er vier Jahre lang bei Facebook f\u00fcr verschiedene Produkte und milliardenschwere Sektoren verantwortlich, darunter Facebooks Entwicklerplattform, Facebook Gaming und Mobile App Ads. Vor Facebook war er 14\u00a0Jahre lang bei Microsoft t\u00e4tig, wo er an Aufbau und Entwicklung der Cloud-Plattform Azure mitwirkte. Neben seiner Arbeit bei Facebook unterst\u00fctzt Karandeep Startup-Unternehmen als Mentor und arbeitet mit Unternehmern zusammen, die Technologie-Zugang f\u00fcr Milliarden von Menschen in aufstrebenden M\u00e4rkten realisieren wollen."}

Über Meta

Karandeep Anand, Head of Workplace | Über Meta

<blockquote class="wp-embedded-content" data-secret="2PsBbaiIJd"><a href="https://about.fb.com/de/media-gallery/executives/karandeep-anand/">Karandeep Anand, Head of Workplace</a></blockquote><iframe sandbox="allow-scripts" security="restricted" src="https://about.fb.com/de/media-gallery/executives/karandeep-anand/embed/#?secret=2PsBbaiIJd" width="600" height="338" title="&#8222;Karandeep Anand, Head of Workplace&#8220; &#8212; Über Meta" data-secret="2PsBbaiIJd" frameborder="0" marginwidth="0" marginheight="0" scrolling="no" class="wp-embedded-content"></iframe><script type="text/javascript">
/* <![CDATA[ */
/*! This file is auto-generated */
!function(d,l){"use strict";l.querySelector&&d.addEventListener&&"undefined"!=typeof URL&&(d.wp=d.wp||{},d.wp.receiveEmbedMessage||(d.wp.receiveEmbedMessage=function(e){var t=e.data;if((t||t.secret||t.message||t.value)&&!/[^a-zA-Z0-9]/.test(t.secret)){for(var s,r,n,a=l.querySelectorAll('iframe[data-secret="'+t.secret+'"]'),o=l.querySelectorAll('blockquote[data-secret="'+t.secret+'"]'),c=new RegExp("^https?:$","i"),i=0;i<o.length;i++)o[i].style.display="none";for(i=0;i<a.length;i++)s=a[i],e.source===s.contentWindow&&(s.removeAttribute("style"),"height"===t.message?(1e3<(r=parseInt(t.value,10))?r=1e3:~~r<200&&(r=200),s.height=r):"link"===t.message&&(r=new URL(s.getAttribute("src")),n=new URL(t.value),c.test(n.protocol))&&n.host===r.host&&l.activeElement===s&&(d.top.location.href=t.value))}},d.addEventListener("message",d.wp.receiveEmbedMessage,!1),l.addEventListener("DOMContentLoaded",function(){for(var e,t,s=l.querySelectorAll("iframe.wp-embedded-content"),r=0;r<s.length;r++)(t=(e=s[r]).getAttribute("data-secret"))||(t=Math.random().toString(36).substring(2,12),e.src+="#?secret="+t,e.setAttribute("data-secret",t)),e.contentWindow.postMessage({message:"ready",secret:t},"*")},!1)))}(window,document);
//# sourceURL=https://about.fb.com/de/wp-includes/js/wp-embed.min.js
/* ]]> */
</script>

Karandeep Anand, Head of Workplace Karandeep Anand ist ein erfahrener Product Leader mit Spezialisierung auf Enterprise SaaS, mehrseitige Marktplätze, Entwicklerplattformen, Monetarisierung und Wachstum. Als VP und Head of Workplace bei Facebook leitet er das Produkt und die Business-Sparte, die dabei sind, die zukünftige Arbeitswelt neu zu definieren. Bevor er die Leitung von Workplace übernahm, unterstützte er den Aufbau und die Skalierung von Facebook Marketplace und des Zahlungssystems für über 800 Millionen Personen und Unternehmen. Vor diesen Meilensteinen war er vier Jahre lang bei Facebook für verschiedene Produkte und milliardenschwere Sektoren verantwortlich, darunter Facebooks Entwicklerplattform, Facebook Gaming und Mobile App Ads. Vor Facebook war er 14 Jahre lang bei Microsoft tätig, wo er an Aufbau und Entwicklung der Cloud-Plattform Azure mitwirkte. Neben seiner Arbeit bei Facebook unterstützt Karandeep Startup-Unternehmen als Mentor und arbeitet mit Unternehmern zusammen, die Technologie-Zugang für Milliarden von Menschen in aufstrebenden Märkten realisieren wollen.
