{"version":"1.0","provider_name":"Sobre a Meta","provider_url":"https:\/\/about.fb.com\/br","author_name":"Meta","author_url":"https:\/\/about.fb.com\/br","title":"Atualiza\u00e7\u00e3o sobre Facebook News na Europa | Sobre a Meta","type":"rich","width":600,"height":338,"html":"<blockquote class=\"wp-embedded-content\" data-secret=\"TpZ9OVJkt4\"><a href=\"https:\/\/about.fb.com\/br\/news\/2023\/09\/atualizacao-sobre-facebook-news-na-europa\/\">Atualiza\u00e7\u00e3o sobre Facebook News na Europa<\/a><\/blockquote><iframe sandbox=\"allow-scripts\" security=\"restricted\" src=\"https:\/\/about.fb.com\/br\/news\/2023\/09\/atualizacao-sobre-facebook-news-na-europa\/embed\/#?secret=TpZ9OVJkt4\" width=\"600\" height=\"338\" title=\"&#8220;Atualiza\u00e7\u00e3o sobre Facebook News na Europa&#8221; &#8212; Sobre a Meta\" data-secret=\"TpZ9OVJkt4\" frameborder=\"0\" marginwidth=\"0\" marginheight=\"0\" scrolling=\"no\" class=\"wp-embedded-content\"><\/iframe><script type=\"text\/javascript\">\n\/* <![CDATA[ *\/\n\/*! This file is auto-generated *\/\n!function(d,l){\"use strict\";l.querySelector&&d.addEventListener&&\"undefined\"!=typeof URL&&(d.wp=d.wp||{},d.wp.receiveEmbedMessage||(d.wp.receiveEmbedMessage=function(e){var t=e.data;if((t||t.secret||t.message||t.value)&&!\/[^a-zA-Z0-9]\/.test(t.secret)){for(var s,r,n,a=l.querySelectorAll('iframe[data-secret=\"'+t.secret+'\"]'),o=l.querySelectorAll('blockquote[data-secret=\"'+t.secret+'\"]'),c=new RegExp(\"^https?:$\",\"i\"),i=0;i<o.length;i++)o[i].style.display=\"none\";for(i=0;i<a.length;i++)s=a[i],e.source===s.contentWindow&&(s.removeAttribute(\"style\"),\"height\"===t.message?(1e3<(r=parseInt(t.value,10))?r=1e3:~~r<200&&(r=200),s.height=r):\"link\"===t.message&&(r=new URL(s.getAttribute(\"src\")),n=new URL(t.value),c.test(n.protocol))&&n.host===r.host&&l.activeElement===s&&(d.top.location.href=t.value))}},d.addEventListener(\"message\",d.wp.receiveEmbedMessage,!1),l.addEventListener(\"DOMContentLoaded\",function(){for(var e,t,s=l.querySelectorAll(\"iframe.wp-embedded-content\"),r=0;r<s.length;r++)(t=(e=s[r]).getAttribute(\"data-secret\"))||(t=Math.random().toString(36).substring(2,12),e.src+=\"#?secret=\"+t,e.setAttribute(\"data-secret\",t)),e.contentWindow.postMessage({message:\"ready\",secret:t},\"*\")},!1)))}(window,document);\n\/\/# sourceURL=https:\/\/about.fb.com\/br\/wp-includes\/js\/wp-embed.min.js\n\/* ]]> *\/\n<\/script>\n","thumbnail_url":"https:\/\/about.fb.com\/br\/wp-content\/uploads\/sites\/11\/2023\/09\/Imagem1.jpg?fit=810%2C540","thumbnail_width":810,"thumbnail_height":540,"description":"Hoje, anunciamos que iremos descontinuar o Facebook News \u2013 uma aba dedicada no Facebook na se\u00e7\u00e3o de favoritos que destaca as not\u00edcias \u2013 no Reino Unido, Fran\u00e7a e Alemanha no in\u00edcio de dezembro. Isso faz parte de um esfor\u00e7o cont\u00ednuo para alinhar melhor os nossos investimentos com os produtos e servi\u00e7os que as pessoas mais valorizam. Como empresa, temos que concentrar nosso tempo e recursos nas coisas que os usu\u00e1rios nos dizem que desejam ver mais na plataforma, incluindo v\u00eddeos curtos. N\u00f3s sabemos que as pessoas n\u00e3o v\u00eam ao Facebook em busca de not\u00edcias e conte\u00fado pol\u00edtico \u2013 elas v\u00eam para se conectar umas com as outras e descobrir novas oportunidades, paix\u00f5es e interesses. As not\u00edcias representam menos de 3% do que as pessoas ao redor do mundo veem no feed do Facebook, portanto, a exibi\u00e7\u00e3o de not\u00edcias \u00e9 uma pequena parte da experi\u00eancia do Facebook para a grande maioria das pessoas. As altera\u00e7\u00f5es que afetam o Facebook News n\u00e3o afetar\u00e3o de outra forma os produtos e servi\u00e7os da Meta nesses pa\u00edses. As pessoas ainda poder\u00e3o ver links para artigos de not\u00edcias no Facebook. Os editores de not\u00edcias europeus continuar\u00e3o a ter acesso \u00e0s suas contas e p\u00e1ginas do Facebook, onde poder\u00e3o publicar links para as suas mat\u00e9rias e direcionar as pessoas para os seus websites, tal como qualquer outro indiv\u00edduo ou organiza\u00e7\u00e3o o faz. As organiza\u00e7\u00f5es de not\u00edcias tamb\u00e9m podem aproveitar produtos como Reels e nosso sistema de an\u00fancios para alcan\u00e7ar p\u00fablicos mais amplos e direcionar as pessoas ao seu site, onde ficam com 100% da receita derivada de links externos no Facebook. Ainda que a gente esteja descontinuando o uso do Facebook News nesses pa\u00edses, honraremos nossas obriga\u00e7\u00f5es sob todos os acordos existentes do Facebook News com editores no Reino Unido, Fran\u00e7a e Alemanha at\u00e9 que eles expirem. No entanto, para garantir que continuamos a investir nos produtos e servi\u00e7os que impulsionam o envolvimento dos usu\u00e1rios, n\u00e3o firmaremos novos acordos comerciais para conte\u00fados noticiosos no Facebook News nesses pa\u00edses e n\u00e3o esperamos oferecer novos produtos do Facebook especificamente para editores de not\u00edcias no futuro. Nosso compromisso em conectar pessoas a informa\u00e7\u00f5es confi\u00e1veis Isso n\u00e3o afeta o nosso compromisso de conectar as pessoas a informa\u00e7\u00f5es confi\u00e1veis \u200b\u200bem nossas plataformas. Trabalhamos com verificadores de fatos independentes \u2013 certificados pela International Fact-Checking Network \u2013 que analisam e classificam a desinforma\u00e7\u00e3o viral em nossos aplicativos. N\u00f3s constru\u00edmos a maior rede global de verifica\u00e7\u00e3o de fatos de todas as plataformas, fazendo parceria com mais de 90 organiza\u00e7\u00f5es independentes em todo o mundo que analisam conte\u00fado em mais de 60 idiomas. Contribu\u00edmos com mais de US$ 100 milh\u00f5es com programas que apoiam os nossos esfor\u00e7os de verifica\u00e7\u00e3o de fatos desde 2016 para combater a propaga\u00e7\u00e3o de desinforma\u00e7\u00e3o e continuaremos a investir nessa \u00e1rea."}

Atualização sobre Facebook News na Europa | Sobre a Meta

<blockquote class="wp-embedded-content" data-secret="TpZ9OVJkt4"><a href="https://about.fb.com/br/news/2023/09/atualizacao-sobre-facebook-news-na-europa/">Atualização sobre Facebook News na Europa</a></blockquote><iframe sandbox="allow-scripts" security="restricted" src="https://about.fb.com/br/news/2023/09/atualizacao-sobre-facebook-news-na-europa/embed/#?secret=TpZ9OVJkt4" width="600" height="338" title="&#8220;Atualização sobre Facebook News na Europa&#8221; &#8212; Sobre a Meta" data-secret="TpZ9OVJkt4" frameborder="0" marginwidth="0" marginheight="0" scrolling="no" class="wp-embedded-content"></iframe><script type="text/javascript">
/* <![CDATA[ */
/*! This file is auto-generated */
!function(d,l){"use strict";l.querySelector&&d.addEventListener&&"undefined"!=typeof URL&&(d.wp=d.wp||{},d.wp.receiveEmbedMessage||(d.wp.receiveEmbedMessage=function(e){var t=e.data;if((t||t.secret||t.message||t.value)&&!/[^a-zA-Z0-9]/.test(t.secret)){for(var s,r,n,a=l.querySelectorAll('iframe[data-secret="'+t.secret+'"]'),o=l.querySelectorAll('blockquote[data-secret="'+t.secret+'"]'),c=new RegExp("^https?:$","i"),i=0;i<o.length;i++)o[i].style.display="none";for(i=0;i<a.length;i++)s=a[i],e.source===s.contentWindow&&(s.removeAttribute("style"),"height"===t.message?(1e3<(r=parseInt(t.value,10))?r=1e3:~~r<200&&(r=200),s.height=r):"link"===t.message&&(r=new URL(s.getAttribute("src")),n=new URL(t.value),c.test(n.protocol))&&n.host===r.host&&l.activeElement===s&&(d.top.location.href=t.value))}},d.addEventListener("message",d.wp.receiveEmbedMessage,!1),l.addEventListener("DOMContentLoaded",function(){for(var e,t,s=l.querySelectorAll("iframe.wp-embedded-content"),r=0;r<s.length;r++)(t=(e=s[r]).getAttribute("data-secret"))||(t=Math.random().toString(36).substring(2,12),e.src+="#?secret="+t,e.setAttribute("data-secret",t)),e.contentWindow.postMessage({message:"ready",secret:t},"*")},!1)))}(window,document);
//# sourceURL=https://about.fb.com/br/wp-includes/js/wp-embed.min.js
/* ]]> */
</script>

Hoje, anunciamos que iremos descontinuar o Facebook News – uma aba dedicada no Facebook na seção de favoritos que destaca as notícias – no Reino Unido, França e Alemanha no início de dezembro. Isso faz parte de um esforço contínuo para alinhar melhor os nossos investimentos com os produtos e serviços que as pessoas mais valorizam. Como empresa, temos que concentrar nosso tempo e recursos nas coisas que os usuários nos dizem que desejam ver mais na plataforma, incluindo vídeos curtos. Nós sabemos que as pessoas não vêm ao Facebook em busca de notícias e conteúdo político – elas vêm para se conectar umas com as outras e descobrir novas oportunidades, paixões e interesses. As notícias representam menos de 3% do que as pessoas ao redor do mundo veem no feed do Facebook, portanto, a exibição de notícias é uma pequena parte da experiência do Facebook para a grande maioria das pessoas. As alterações que afetam o Facebook News não afetarão de outra forma os produtos e serviços da Meta nesses países. As pessoas ainda poderão ver links para artigos de notícias no Facebook. Os editores de notícias europeus continuarão a ter acesso às suas contas e páginas do Facebook, onde poderão publicar links para as suas matérias e direcionar as pessoas para os seus websites, tal como qualquer outro indivíduo ou organização o faz. As organizações de notícias também podem aproveitar produtos como Reels e nosso sistema de anúncios para alcançar públicos mais amplos e direcionar as pessoas ao seu site, onde ficam com 100% da receita derivada de links externos no Facebook. Ainda que a gente esteja descontinuando o uso do Facebook News nesses países, honraremos nossas obrigações sob todos os acordos existentes do Facebook News com editores no Reino Unido, França e Alemanha até que eles expirem. No entanto, para garantir que continuamos a investir nos produtos e serviços que impulsionam o envolvimento dos usuários, não firmaremos novos acordos comerciais para conteúdos noticiosos no Facebook News nesses países e não esperamos oferecer novos produtos do Facebook especificamente para editores de notícias no futuro. Nosso compromisso em conectar pessoas a informações confiáveis Isso não afeta o nosso compromisso de conectar as pessoas a informações confiáveis ​​em nossas plataformas. Trabalhamos com verificadores de fatos independentes – certificados pela International Fact-Checking Network – que analisam e classificam a desinformação viral em nossos aplicativos. Nós construímos a maior rede global de verificação de fatos de todas as plataformas, fazendo parceria com mais de 90 organizações independentes em todo o mundo que analisam conteúdo em mais de 60 idiomas. Contribuímos com mais de US$ 100 milhões com programas que apoiam os nossos esforços de verificação de fatos desde 2016 para combater a propagação de desinformação e continuaremos a investir nessa área.
