{"version":"1.0","provider_name":"Sobre a Meta","provider_url":"https:\/\/about.fb.com\/br","author_name":"Meta","author_url":"https:\/\/about.fb.com\/br","title":"Relat\u00f3rio global sobre a situa\u00e7\u00e3o das pequenas empresas | Sobre a Meta","type":"rich","width":600,"height":338,"html":"<blockquote class=\"wp-embedded-content\" data-secret=\"qiq1TKBc0O\"><a href=\"https:\/\/about.fb.com\/br\/news\/2020\/07\/relatorio-global-sobre-a-situacao-das-pequenas-empresas\/\">Relat\u00f3rio global sobre a situa\u00e7\u00e3o das pequenas empresas<\/a><\/blockquote><iframe sandbox=\"allow-scripts\" security=\"restricted\" src=\"https:\/\/about.fb.com\/br\/news\/2020\/07\/relatorio-global-sobre-a-situacao-das-pequenas-empresas\/embed\/#?secret=qiq1TKBc0O\" width=\"600\" height=\"338\" title=\"&#8220;Relat\u00f3rio global sobre a situa\u00e7\u00e3o das pequenas empresas&#8221; &#8212; Sobre a Meta\" data-secret=\"qiq1TKBc0O\" frameborder=\"0\" marginwidth=\"0\" marginheight=\"0\" scrolling=\"no\" class=\"wp-embedded-content\"><\/iframe><script type=\"text\/javascript\">\n\/* <![CDATA[ *\/\n\/*! This file is auto-generated *\/\n!function(d,l){\"use strict\";l.querySelector&&d.addEventListener&&\"undefined\"!=typeof URL&&(d.wp=d.wp||{},d.wp.receiveEmbedMessage||(d.wp.receiveEmbedMessage=function(e){var t=e.data;if((t||t.secret||t.message||t.value)&&!\/[^a-zA-Z0-9]\/.test(t.secret)){for(var s,r,n,a=l.querySelectorAll('iframe[data-secret=\"'+t.secret+'\"]'),o=l.querySelectorAll('blockquote[data-secret=\"'+t.secret+'\"]'),c=new RegExp(\"^https?:$\",\"i\"),i=0;i<o.length;i++)o[i].style.display=\"none\";for(i=0;i<a.length;i++)s=a[i],e.source===s.contentWindow&&(s.removeAttribute(\"style\"),\"height\"===t.message?(1e3<(r=parseInt(t.value,10))?r=1e3:~~r<200&&(r=200),s.height=r):\"link\"===t.message&&(r=new URL(s.getAttribute(\"src\")),n=new URL(t.value),c.test(n.protocol))&&n.host===r.host&&l.activeElement===s&&(d.top.location.href=t.value))}},d.addEventListener(\"message\",d.wp.receiveEmbedMessage,!1),l.addEventListener(\"DOMContentLoaded\",function(){for(var e,t,s=l.querySelectorAll(\"iframe.wp-embedded-content\"),r=0;r<s.length;r++)(t=(e=s[r]).getAttribute(\"data-secret\"))||(t=Math.random().toString(36).substring(2,12),e.src+=\"#?secret=\"+t,e.setAttribute(\"data-secret\",t)),e.contentWindow.postMessage({message:\"ready\",secret:t},\"*\")},!1)))}(window,document);\n\/\/# sourceURL=https:\/\/about.fb.com\/br\/wp-includes\/js\/wp-embed.min.js\n\/* ]]> *\/\n<\/script>\n","thumbnail_url":"https:\/\/about.fb.com\/br\/wp-content\/uploads\/sites\/11\/2020\/07\/option9.jpg?resize=1024,576","thumbnail_width":1024,"thumbnail_height":576,"description":"As pequenas empresas s\u00e3o vitais para as nossas sociedades e os her\u00f3is desconhecidos da economia global. De caf\u00e9s, livrarias e restaurantes a encanadores, organizadores de casamentos e designers gr\u00e1ficos, as pequenas empresas geram empregos e crescimento em todos os pa\u00edses, ajudando a reduzir a pobreza e a desigualdade de renda. Por\u00e9m, elas est\u00e3o enfrentando um desafio enorme com a pandemia da COVID-19, que se mostrou n\u00e3o apenas uma emerg\u00eancia de sa\u00fade p\u00fablica, mas tamb\u00e9m uma crise econ\u00f4mica que atinge excepcionalmente as menores empresas. Hoje, o tamanho do desafio que as pequenas e m\u00e9dias empresas enfrentam em todo o mundo \u00e9 revelado com a publica\u00e7\u00e3o do Relat\u00f3rio Global de Pequenas Empresas produzido pelo Facebook em parceria com o Banco Mundial e a OCDE (Organiza\u00e7\u00e3o para a Coopera\u00e7\u00e3o e Desenvolvimento Econ\u00f4mico). \u00c9 o primeiro de uma s\u00e9rie de relat\u00f3rios que foram planejados antes da pandemia &#8211; quando imagin\u00e1vamos que ele traria dados mais positivos e motivadores. Em vez disso, o que descobrimos ao pesquisar mais de 30 mil l\u00edderes de pequenas empresas em mais de 50 pa\u00edses \u00e9 preocupante. Mais de um quarto do entrevistados ao redor do mundo disseram que fecharam seu neg\u00f3cio entre janeiro e maio deste ano &#8211; mas esse n\u00famero sobe para mais de 50% em alguns pa\u00edses. Um ter\u00e7o dos que atualmente funcionam relataram ter reduzido a for\u00e7a de trabalho, um sinal preocupante do que poderia ser uma longa crise de emprego. E quase dois ter\u00e7os dos que est\u00e3o em opera\u00e7\u00e3o nos disseram que as vendas ca\u00edram, se comparadas com o mesmo per\u00edodo do ano passado &#8211; em muitos casos a queda foi significativa. A pesquisa mostra ainda que o setor de turismo e servi\u00e7os de hospitalidade sentiram o peso das restri\u00e7\u00f5es relacionadas ao COVID-19, que reduziu os gastos dos consumidores, com cerca de metade das empresas destes setores informando que haviam fechado. As menores empresas, pertencentes e operadas por uma pessoa, fecharam em um \u00edndice maior do que outras. O relat\u00f3rio tamb\u00e9m exp\u00f5e uma forte desigualdade de g\u00eanero. As empresas lideradas por mulheres t\u00eam mais chances (7 pontos percentuais a mais) de serem fechadas em compara\u00e7\u00e3o com as lideradas por homens, al\u00e9m de terem uma probabilidade significativamente maior de se concentrarem nos setores mais afetados pelas restri\u00e7\u00f5es aos neg\u00f3cios. De fato, quanto mais r\u00edgidas s\u00e3o as restri\u00e7\u00f5es, mais empresas lideradas por mulheres fecham suas portas em compara\u00e7\u00e3o com as administradas por homens. O neg\u00f3cio do Facebook \u00e9 ajudar os pequenos neg\u00f3cios. Mais de 160 milh\u00f5es de empresas usam o Facebook, Instagram, Messenger ou WhatsApp todos os meses para encontrar clientes, vender e crescer. As pequenas e m\u00e9dias companhias s\u00e3o o cora\u00e7\u00e3o da comunidade do Facebook e, desde os primeiros dias da pandemia, tomamos medidas para ajud\u00e1-los a enfrentar essa crise. Por isso, lan\u00e7amos recentemente o Facebook Shops para facilitar a venda on-line e criamos a Central de Recursos para Empresas, onde eles podem obter treinamento, aconselhamento e informa\u00e7\u00f5es &#8211; inclusive de especialistas em sa\u00fade. Os empreendedores s\u00e3o pessoas resilientes e o relat\u00f3rio mostra que muitos permanecem otimistas em rela\u00e7\u00e3o ao futuro. Quase tr\u00eas quartos daqueles que fecharam no momento da pesquisa esperam reabrir \u00e0 medida em que acabarem as restri\u00e7\u00f5es causadas pela COVID-19. O caminho para a recupera\u00e7\u00e3o \u00e9 incerto e muitos podem precisar de apoio de governos ou outras institui\u00e7\u00f5es para retomar os neg\u00f3cios. Esperamos que este relat\u00f3rio ajude a identificar \u00e1reas em que essa ajuda pode fazer a maior diferen\u00e7a. S\u00e3o tempos dif\u00edceis para empresas de todo o mundo, mas o Facebook est\u00e1 determinado a fazer todo o poss\u00edvel para ajud\u00e1-las a superar esse desafio."}

Relatório global sobre a situação das pequenas empresas | Sobre a Meta

<blockquote class="wp-embedded-content" data-secret="qiq1TKBc0O"><a href="https://about.fb.com/br/news/2020/07/relatorio-global-sobre-a-situacao-das-pequenas-empresas/">Relatório global sobre a situação das pequenas empresas</a></blockquote><iframe sandbox="allow-scripts" security="restricted" src="https://about.fb.com/br/news/2020/07/relatorio-global-sobre-a-situacao-das-pequenas-empresas/embed/#?secret=qiq1TKBc0O" width="600" height="338" title="&#8220;Relatório global sobre a situação das pequenas empresas&#8221; &#8212; Sobre a Meta" data-secret="qiq1TKBc0O" frameborder="0" marginwidth="0" marginheight="0" scrolling="no" class="wp-embedded-content"></iframe><script type="text/javascript">
/* <![CDATA[ */
/*! This file is auto-generated */
!function(d,l){"use strict";l.querySelector&&d.addEventListener&&"undefined"!=typeof URL&&(d.wp=d.wp||{},d.wp.receiveEmbedMessage||(d.wp.receiveEmbedMessage=function(e){var t=e.data;if((t||t.secret||t.message||t.value)&&!/[^a-zA-Z0-9]/.test(t.secret)){for(var s,r,n,a=l.querySelectorAll('iframe[data-secret="'+t.secret+'"]'),o=l.querySelectorAll('blockquote[data-secret="'+t.secret+'"]'),c=new RegExp("^https?:$","i"),i=0;i<o.length;i++)o[i].style.display="none";for(i=0;i<a.length;i++)s=a[i],e.source===s.contentWindow&&(s.removeAttribute("style"),"height"===t.message?(1e3<(r=parseInt(t.value,10))?r=1e3:~~r<200&&(r=200),s.height=r):"link"===t.message&&(r=new URL(s.getAttribute("src")),n=new URL(t.value),c.test(n.protocol))&&n.host===r.host&&l.activeElement===s&&(d.top.location.href=t.value))}},d.addEventListener("message",d.wp.receiveEmbedMessage,!1),l.addEventListener("DOMContentLoaded",function(){for(var e,t,s=l.querySelectorAll("iframe.wp-embedded-content"),r=0;r<s.length;r++)(t=(e=s[r]).getAttribute("data-secret"))||(t=Math.random().toString(36).substring(2,12),e.src+="#?secret="+t,e.setAttribute("data-secret",t)),e.contentWindow.postMessage({message:"ready",secret:t},"*")},!1)))}(window,document);
//# sourceURL=https://about.fb.com/br/wp-includes/js/wp-embed.min.js
/* ]]> */
</script>

As pequenas empresas são vitais para as nossas sociedades e os heróis desconhecidos da economia global. De cafés, livrarias e restaurantes a encanadores, organizadores de casamentos e designers gráficos, as pequenas empresas geram empregos e crescimento em todos os países, ajudando a reduzir a pobreza e a desigualdade de renda. Porém, elas estão enfrentando um desafio enorme com a pandemia da COVID-19, que se mostrou não apenas uma emergência de saúde pública, mas também uma crise econômica que atinge excepcionalmente as menores empresas. Hoje, o tamanho do desafio que as pequenas e médias empresas enfrentam em todo o mundo é revelado com a publicação do Relatório Global de Pequenas Empresas produzido pelo Facebook em parceria com o Banco Mundial e a OCDE (Organização para a Cooperação e Desenvolvimento Econômico). É o primeiro de uma série de relatórios que foram planejados antes da pandemia &#8211; quando imaginávamos que ele traria dados mais positivos e motivadores. Em vez disso, o que descobrimos ao pesquisar mais de 30 mil líderes de pequenas empresas em mais de 50 países é preocupante. Mais de um quarto do entrevistados ao redor do mundo disseram que fecharam seu negócio entre janeiro e maio deste ano &#8211; mas esse número sobe para mais de 50% em alguns países. Um terço dos que atualmente funcionam relataram ter reduzido a força de trabalho, um sinal preocupante do que poderia ser uma longa crise de emprego. E quase dois terços dos que estão em operação nos disseram que as vendas caíram, se comparadas com o mesmo período do ano passado &#8211; em muitos casos a queda foi significativa. A pesquisa mostra ainda que o setor de turismo e serviços de hospitalidade sentiram o peso das restrições relacionadas ao COVID-19, que reduziu os gastos dos consumidores, com cerca de metade das empresas destes setores informando que haviam fechado. As menores empresas, pertencentes e operadas por uma pessoa, fecharam em um índice maior do que outras. O relatório também expõe uma forte desigualdade de gênero. As empresas lideradas por mulheres têm mais chances (7 pontos percentuais a mais) de serem fechadas em comparação com as lideradas por homens, além de terem uma probabilidade significativamente maior de se concentrarem nos setores mais afetados pelas restrições aos negócios. De fato, quanto mais rígidas são as restrições, mais empresas lideradas por mulheres fecham suas portas em comparação com as administradas por homens. O negócio do Facebook é ajudar os pequenos negócios. Mais de 160 milhões de empresas usam o Facebook, Instagram, Messenger ou WhatsApp todos os meses para encontrar clientes, vender e crescer. As pequenas e médias companhias são o coração da comunidade do Facebook e, desde os primeiros dias da pandemia, tomamos medidas para ajudá-los a enfrentar essa crise. Por isso, lançamos recentemente o Facebook Shops para facilitar a venda on-line e criamos a Central de Recursos para Empresas, onde eles podem obter treinamento, aconselhamento e informações &#8211; inclusive de especialistas em saúde. Os empreendedores são pessoas resilientes e o relatório mostra que muitos permanecem otimistas em relação ao futuro. Quase três quartos daqueles que fecharam no momento da pesquisa esperam reabrir à medida em que acabarem as restrições causadas pela COVID-19. O caminho para a recuperação é incerto e muitos podem precisar de apoio de governos ou outras instituições para retomar os negócios. Esperamos que este relatório ajude a identificar áreas em que essa ajuda pode fazer a maior diferença. São tempos difíceis para empresas de todo o mundo, mas o Facebook está determinado a fazer todo o possível para ajudá-las a superar esse desafio.
