{"version":"1.0","provider_name":"Sobre a Meta","provider_url":"https:\/\/about.fb.com\/br","author_name":"Meta","author_url":"https:\/\/about.fb.com\/br","title":"Seu Ano no Facebook | Sobre a Meta","type":"rich","width":600,"height":338,"html":"<blockquote class=\"wp-embedded-content\" data-secret=\"OOGvYv9v7i\"><a href=\"https:\/\/about.fb.com\/br\/news\/2019\/12\/seu-ano-no-facebook\/\">Seu Ano no Facebook<\/a><\/blockquote><iframe sandbox=\"allow-scripts\" security=\"restricted\" src=\"https:\/\/about.fb.com\/br\/news\/2019\/12\/seu-ano-no-facebook\/embed\/#?secret=OOGvYv9v7i\" width=\"600\" height=\"338\" title=\"&#8220;Seu Ano no Facebook&#8221; &#8212; Sobre a Meta\" data-secret=\"OOGvYv9v7i\" frameborder=\"0\" marginwidth=\"0\" marginheight=\"0\" scrolling=\"no\" class=\"wp-embedded-content\"><\/iframe><script type=\"text\/javascript\">\n\/* <![CDATA[ *\/\n\/*! This file is auto-generated *\/\n!function(d,l){\"use strict\";l.querySelector&&d.addEventListener&&\"undefined\"!=typeof URL&&(d.wp=d.wp||{},d.wp.receiveEmbedMessage||(d.wp.receiveEmbedMessage=function(e){var t=e.data;if((t||t.secret||t.message||t.value)&&!\/[^a-zA-Z0-9]\/.test(t.secret)){for(var s,r,n,a=l.querySelectorAll('iframe[data-secret=\"'+t.secret+'\"]'),o=l.querySelectorAll('blockquote[data-secret=\"'+t.secret+'\"]'),c=new RegExp(\"^https?:$\",\"i\"),i=0;i<o.length;i++)o[i].style.display=\"none\";for(i=0;i<a.length;i++)s=a[i],e.source===s.contentWindow&&(s.removeAttribute(\"style\"),\"height\"===t.message?(1e3<(r=parseInt(t.value,10))?r=1e3:~~r<200&&(r=200),s.height=r):\"link\"===t.message&&(r=new URL(s.getAttribute(\"src\")),n=new URL(t.value),c.test(n.protocol))&&n.host===r.host&&l.activeElement===s&&(d.top.location.href=t.value))}},d.addEventListener(\"message\",d.wp.receiveEmbedMessage,!1),l.addEventListener(\"DOMContentLoaded\",function(){for(var e,t,s=l.querySelectorAll(\"iframe.wp-embedded-content\"),r=0;r<s.length;r++)(t=(e=s[r]).getAttribute(\"data-secret\"))||(t=Math.random().toString(36).substring(2,12),e.src+=\"#?secret=\"+t,e.setAttribute(\"data-secret\",t)),e.contentWindow.postMessage({message:\"ready\",secret:t},\"*\")},!1)))}(window,document);\n\/\/# sourceURL=https:\/\/about.fb.com\/br\/wp-includes\/js\/wp-embed.min.js\n\/* ]]> *\/\n<\/script>\n","description":"O v\u00ednculo mais forte entre as pessoas come\u00e7a com a fam\u00edlia e os amigos. Por isso, queremos ajudar voc\u00ea a relembrar os seus momentos de 2019 com a sua comunidade no Facebook.\u00a0 A partir de 11 de dezembro, voc\u00ea poder\u00e1 ver uma experi\u00eancia personalizada da sua retrospectiva no Facebook, em um v\u00eddeo curto, que pode ser editado e compartilhado com as pessoas que voc\u00ea mais gosta. O ano de cada pessoa \u00e9 \u00fanico, e por esse motivo, estamos dando mais controle sobre as mem\u00f3rias que voc\u00ea v\u00ea no Facebook. As pessoas ter\u00e3o, pela primeira vez, a op\u00e7\u00e3o de ocultar o v\u00eddeo ou impedir que pessoas e datas espec\u00edficas apare\u00e7am nele. O v\u00eddeo de retrospectiva poder\u00e1 ser acessado na se\u00e7\u00e3o de &#8220;Lembran\u00e7as&#8221; no Menu do aplicativo do Facebook.","thumbnail_url":"https:\/\/about.fb.com\/br\/wp-content\/uploads\/sites\/11\/2019\/12\/hero-1.png?w=890"}

O vínculo mais forte entre as pessoas começa com a família e os amigos. Por isso, queremos ajudar você a relembrar os seus momentos de 2019 com a sua comunidade no Facebook.  A partir de 11 de dezembro, você poderá ver uma experiência personalizada da sua retrospectiva no Facebook, em um vídeo curto, que pode ser editado e compartilhado com as pessoas que você mais gosta. O ano de cada pessoa é único, e por esse motivo, estamos dando mais controle sobre as memórias que você vê no Facebook. As pessoas terão, pela primeira vez, a opção de ocultar o vídeo ou impedir que pessoas e datas específicas apareçam nele. O vídeo de retrospectiva poderá ser acessado na seção de &#8220;Lembranças&#8221; no Menu do aplicativo do Facebook.
